Last updated on 2023-12-10 04:55:59 CET.
Flavor | Version | Tinstall | Tcheck | Ttotal | Status | Flags |
---|---|---|---|---|---|---|
r-devel-linux-x86_64-debian-clang | 1.1.6 | 100.69 | 158.06 | 258.75 | NOTE | --no-vignettes |
r-devel-linux-x86_64-debian-gcc | 1.1.6 | 62.24 | 119.60 | 181.84 | NOTE | --no-vignettes |
r-devel-linux-x86_64-fedora-clang | 1.1.6 | 371.69 | OK | --no-vignettes | ||
r-devel-linux-x86_64-fedora-gcc | 1.1.6 | 367.68 | OK | --no-vignettes | ||
r-devel-windows-x86_64 | 1.1.6 | 65.00 | 167.00 | 232.00 | OK | --no-vignettes |
r-patched-linux-x86_64 | 1.1.6 | 86.02 | 160.24 | 246.26 | OK | --no-vignettes |
r-release-linux-x86_64 | 1.1.6 | 78.40 | 158.43 | 236.83 | OK | --no-vignettes |
r-release-macos-arm64 | 1.1.6 | 1385.00 | OK | |||
r-release-macos-x86_64 | 1.1.6 | 1803.00 | ERROR | |||
r-release-windows-x86_64 | 1.1.6 | 66.00 | 187.00 | 253.00 | OK | --no-vignettes |
r-oldrel-macos-arm64 | 1.1.6 | 774.00 | OK | |||
r-oldrel-macos-x86_64 | 1.1.6 | 1039.00 | OK | |||
r-oldrel-windows-x86_64 | 1.1.6 | 89.00 | 170.00 | 259.00 | OK | --no-vignettes |
Version: 1.1.6
Flags: --no-vignettes
Check: Rd files
Result: NOTE
checkRd: (-1) mleHetGP.Rd:57: Lost braces; missing escapes or markup?
57 | Level \code{2} gives more details. Level {3} additionaly displays all details about initialization of hyperparameters.
| ^
checkRd: (-1) mleHetTP.Rd:61: Lost braces; missing escapes or markup?
61 | Level \code{2} gives more details. Level {3} additionaly displays all details about initialization of hyperparameters.
| ^
checkRd: (-1) mleHomTP.Rd:76: Lost braces; missing escapes or markup?
76 | \item \code{nit_opt}, \code{msg}: \code{counts} and {msg} returned by \code{\link[stats]{optim}}
| ^
Flavors: r-devel-linux-x86_64-debian-clang, r-devel-linux-x86_64-debian-gcc
Version: 1.1.6
Check: re-building of vignette outputs
Result: ERROR
Error(s) in re-building vignettes:
...
--- re-building ‘hetGP_vignette.Rnw’ using knitr
Execution halted
* checking PDF version of manual ...* using check arguments '--no-clean-on-error '
Flavor: r-release-macos-x86_64