Last updated on 2023-11-29 04:57:23 CET.
Flavor | Version | Tinstall | Tcheck | Ttotal | Status | Flags |
---|---|---|---|---|---|---|
r-devel-linux-x86_64-debian-clang | 0.6 | 9.48 | 122.90 | 132.38 | NOTE | |
r-devel-linux-x86_64-debian-gcc | 0.6 | 8.86 | 93.98 | 102.84 | NOTE | |
r-devel-linux-x86_64-fedora-clang | 0.6 | 165.61 | OK | |||
r-devel-linux-x86_64-fedora-gcc | 0.6 | 162.07 | OK | |||
r-devel-windows-x86_64 | 0.6 | 11.00 | 116.00 | 127.00 | OK | |
r-patched-linux-x86_64 | 0.6 | 10.42 | 121.15 | 131.57 | OK | |
r-release-linux-x86_64 | 0.6 | 7.29 | 120.33 | 127.62 | OK | |
r-release-macos-arm64 | 0.6 | 55.00 | NOTE | |||
r-release-macos-x86_64 | 0.6 | 99.00 | NOTE | |||
r-release-windows-x86_64 | 0.6 | 14.00 | 145.00 | 159.00 | OK | |
r-oldrel-macos-arm64 | 0.6 | 59.00 | NOTE | |||
r-oldrel-macos-x86_64 | 0.6 | 86.00 | NOTE | |||
r-oldrel-windows-x86_64 | 0.6 | 14.00 | 136.00 | 150.00 | OK |
Version: 0.6
Check: Rd files
Result: NOTE
checkRd: (-1) hero.Rd:67-68: Lost braces
67 | then \code{\link[pbapply]{pblapply}} is used. If code{package ==
| ^
checkRd: (-1) hero.Rd:69: Lost braces
69 | code{package == "Rmpi"}, then \code{\link[Rmpi]{mpi.applyLB}} is used.}
| ^
Flavors: r-devel-linux-x86_64-debian-clang, r-devel-linux-x86_64-debian-gcc
Version: 0.6
Check: package dependencies
Result: NOTE
Package suggested but not available for checking: ‘Rmpi’
Flavors: r-release-macos-arm64, r-release-macos-x86_64, r-oldrel-macos-arm64, r-oldrel-macos-x86_64
Version: 0.6
Check: Rd cross-references
Result: NOTE
Package unavailable to check Rd xrefs: ‘Rmpi’
Flavors: r-release-macos-arm64, r-release-macos-x86_64, r-oldrel-macos-arm64, r-oldrel-macos-x86_64