CRAN Package Check Results for Package heritability

Last updated on 2020-08-08 15:46:50 CEST.

Flavor Version Tinstall Tcheck Ttotal Status Flags
r-devel-linux-x86_64-debian-clang 1.3 2.97 30.42 33.39 NOTE
r-devel-linux-x86_64-debian-gcc 1.3 2.78 24.53 27.31 NOTE
r-devel-linux-x86_64-fedora-clang 1.3 50.59 NOTE
r-devel-linux-x86_64-fedora-gcc 1.3 39.99 NOTE
r-devel-windows-ix86+x86_64 1.3 10.00 65.00 75.00 OK
r-patched-linux-x86_64 1.3 3.06 31.09 34.15 NOTE
r-patched-solaris-x86 1.3 63.00 NOTE
r-release-linux-x86_64 1.3 2.63 31.38 34.01 NOTE
r-release-macos-x86_64 1.3 NOTE
r-release-windows-ix86+x86_64 1.3 9.00 43.00 52.00 OK
r-oldrel-macos-x86_64 1.3 OK
r-oldrel-windows-ix86+x86_64 1.3 6.00 60.00 66.00 OK

Check Details

Version: 1.3
Check: package dependencies
Result: NOTE
    Package suggested but not available for checking: 'synbreed'
Flavors: r-devel-linux-x86_64-debian-clang, r-devel-linux-x86_64-debian-gcc, r-devel-linux-x86_64-fedora-clang, r-devel-linux-x86_64-fedora-gcc, r-patched-linux-x86_64, r-patched-solaris-x86, r-release-linux-x86_64, r-release-macos-x86_64