Last updated on 2023-11-29 04:57:23 CET.
Flavor | Version | Tinstall | Tcheck | Ttotal | Status | Flags |
---|---|---|---|---|---|---|
r-devel-linux-x86_64-debian-clang | 1.1.0 | 33.16 | 320.94 | 354.10 | OK | |
r-devel-linux-x86_64-debian-gcc | 1.1.0 | 30.89 | 237.76 | 268.65 | OK | |
r-devel-linux-x86_64-fedora-clang | 1.1.0 | 444.78 | OK | |||
r-devel-linux-x86_64-fedora-gcc | 1.1.0 | 257.48 | OK | |||
r-devel-windows-x86_64 | 1.1.0 | 27.00 | 193.00 | 220.00 | OK | |
r-patched-linux-x86_64 | 1.1.0 | 35.23 | 309.49 | 344.72 | OK | |
r-release-linux-x86_64 | 1.1.0 | 23.17 | 308.01 | 331.18 | OK | |
r-release-macos-arm64 | 1.1.0 | 107.00 | OK | |||
r-release-macos-x86_64 | 1.1.0 | 405.00 | OK | |||
r-release-windows-x86_64 | 1.1.0 | 42.00 | 267.00 | 309.00 | OK | |
r-oldrel-macos-arm64 | 1.1.0 | 98.00 | OK | |||
r-oldrel-macos-x86_64 | 0.2.0 | 127.00 | NOTE | |||
r-oldrel-windows-x86_64 | 1.1.0 | 42.00 | 266.00 | 308.00 | OK |
Version: 0.2.0
Check: installed package size
Result: NOTE
installed size is 5.1Mb
sub-directories of 1Mb or more:
extdata 3.3Mb
help 1.6Mb
Flavor: r-oldrel-macos-x86_64