Last updated on 2023-12-02 04:52:16 CET.
Flavor | Version | Tinstall | Tcheck | Ttotal | Status | Flags |
---|---|---|---|---|---|---|
r-devel-linux-x86_64-debian-clang | 0.16.0 | 15.39 | 354.75 | 370.14 | NOTE | |
r-devel-linux-x86_64-debian-gcc | 0.16.0 | 12.75 | 260.05 | 272.80 | NOTE | |
r-devel-linux-x86_64-fedora-clang | 0.16.0 | 459.73 | NOTE | |||
r-devel-linux-x86_64-fedora-gcc | 0.16.0 | 477.98 | NOTE | |||
r-devel-windows-x86_64 | 0.16.0 | 15.00 | 264.00 | 279.00 | NOTE | |
r-patched-linux-x86_64 | 0.16.0 | 13.47 | 331.76 | 345.23 | OK | |
r-release-linux-x86_64 | 0.16.0 | 13.20 | 334.31 | 347.51 | OK | |
r-release-macos-arm64 | 0.16.0 | 110.00 | OK | |||
r-release-macos-x86_64 | 0.16.0 | 193.00 | OK | |||
r-release-windows-x86_64 | 0.16.0 | 20.00 | 345.00 | 365.00 | OK | |
r-oldrel-macos-arm64 | 0.16.0 | 114.00 | OK | |||
r-oldrel-macos-x86_64 | 0.16.0 | 154.00 | OK | |||
r-oldrel-windows-x86_64 | 0.16.0 | 20.00 | 331.00 | 351.00 | OK |
Version: 0.16.0
Check: Rd \usage sections
Result: NOTE
Documented arguments not in \usage in Rd file 'compute_counts.Rd':
‘init’ ‘inflow’
Documented arguments not in \usage in Rd file 'compute_values.Rd':
‘counts’
Documented arguments not in \usage in Rd file 'create_demographic_table.Rd':
‘...’
Documented arguments not in \usage in Rd file 'eval_strategy_newdata.Rd':
‘model’
Documented arguments not in \usage in Rd file 'get_state_value_names.Rd':
‘...’
Functions with \usage entries need to have the appropriate \alias
entries, and all their arguments documented.
The \usage entries must correspond to syntactically valid R code.
See chapter ‘Writing R documentation files’ in the ‘Writing R
Extensions’ manual.
Flavors: r-devel-linux-x86_64-debian-clang, r-devel-linux-x86_64-debian-gcc, r-devel-linux-x86_64-fedora-clang, r-devel-linux-x86_64-fedora-gcc, r-devel-windows-x86_64