Last updated on 2023-12-07 16:49:33 CET.
Flavor | Version | Tinstall | Tcheck | Ttotal | Status | Flags |
---|---|---|---|---|---|---|
r-devel-linux-x86_64-debian-clang | 0.6.0 | 2.70 | 35.19 | 37.89 | NOTE | |
r-devel-linux-x86_64-debian-gcc | 0.6.0 | 2.14 | 26.45 | 28.59 | NOTE | |
r-devel-linux-x86_64-fedora-clang | 0.6.0 | 45.59 | NOTE | |||
r-devel-linux-x86_64-fedora-gcc | 0.6.0 | 54.96 | NOTE | |||
r-devel-windows-x86_64 | 0.6.0 | 3.00 | 51.00 | 54.00 | NOTE | |
r-patched-linux-x86_64 | 0.6.0 | 2.69 | 34.34 | 37.03 | NOTE | |
r-release-linux-x86_64 | 0.6.0 | 2.62 | 33.73 | 36.35 | NOTE | |
r-release-macos-arm64 | 0.6.0 | 23.00 | NOTE | |||
r-release-macos-x86_64 | 0.6.0 | 37.00 | NOTE | |||
r-release-windows-x86_64 | 0.6.0 | 4.00 | 52.00 | 56.00 | NOTE | |
r-oldrel-macos-arm64 | 0.6.0 | 20.00 | NOTE | |||
r-oldrel-macos-x86_64 | 0.6.0 | 27.00 | NOTE | |||
r-oldrel-windows-x86_64 | 0.6.0 | 4.00 | 55.00 | 59.00 | NOTE |
Version: 0.6.0
Check: LazyData
Result: NOTE
'LazyData' is specified without a 'data' directory
Flavors: r-devel-linux-x86_64-debian-clang, r-devel-linux-x86_64-debian-gcc, r-devel-linux-x86_64-fedora-clang, r-devel-linux-x86_64-fedora-gcc, r-devel-windows-x86_64, r-patched-linux-x86_64, r-release-linux-x86_64, r-release-macos-arm64, r-release-macos-x86_64, r-release-windows-x86_64, r-oldrel-macos-arm64, r-oldrel-macos-x86_64, r-oldrel-windows-x86_64
Version: 0.6.0
Check: Rd cross-references
Result: NOTE
Undeclared package ‘tibble’ in Rd xrefs
Flavor: r-devel-linux-x86_64-fedora-clang