CRAN Package Check Results for Package heddlr

Last updated on 2024-06-15 16:49:05 CEST.

Flavor Version Tinstall Tcheck Ttotal Status Flags
r-devel-linux-x86_64-debian-clang 0.6.0 2.74 35.77 38.51 NOTE
r-devel-linux-x86_64-debian-gcc 0.6.0 1.84 28.17 30.01 NOTE
r-devel-linux-x86_64-fedora-clang 0.6.0 50.23 NOTE
r-devel-linux-x86_64-fedora-gcc 0.6.0 61.83 NOTE
r-devel-windows-x86_64 0.6.0 3.00 52.00 55.00 NOTE
r-patched-linux-x86_64 0.6.0 2.88 35.71 38.59 NOTE
r-release-linux-x86_64 0.6.0 2.09 35.06 37.15 NOTE
r-release-macos-arm64 0.6.0 25.00 NOTE
r-release-macos-x86_64 0.6.0 42.00 NOTE
r-release-windows-x86_64 0.6.0 3.00 51.00 54.00 NOTE
r-oldrel-macos-arm64 0.6.0 23.00 NOTE
r-oldrel-macos-x86_64 0.6.0 37.00 NOTE
r-oldrel-windows-x86_64 0.6.0 3.00 54.00 57.00 NOTE

Check Details

Version: 0.6.0
Check: LazyData
Result: NOTE 'LazyData' is specified without a 'data' directory Flavors: r-devel-linux-x86_64-debian-clang, r-devel-linux-x86_64-debian-gcc, r-devel-linux-x86_64-fedora-clang, r-devel-linux-x86_64-fedora-gcc, r-devel-windows-x86_64, r-patched-linux-x86_64, r-release-linux-x86_64, r-release-macos-arm64, r-release-macos-x86_64, r-release-windows-x86_64, r-oldrel-macos-arm64, r-oldrel-macos-x86_64, r-oldrel-windows-x86_64

Version: 0.6.0
Check: Rd cross-references
Result: NOTE Undeclared package ‘tibble’ in Rd xrefs Flavor: r-devel-linux-x86_64-fedora-clang