CRAN Package Check Results for Package healthyR.data

Last updated on 2024-02-25 04:51:07 CET.

Flavor Version Tinstall Tcheck Ttotal Status Flags
r-devel-linux-x86_64-debian-clang 1.0.3 22.02 35.93 57.95 OK
r-devel-linux-x86_64-debian-gcc 1.0.3 18.87 28.68 47.55 OK
r-devel-linux-x86_64-fedora-clang 1.0.3 75.15 OK
r-devel-linux-x86_64-fedora-gcc 1.0.3 73.28 OK
r-devel-windows-x86_64 1.0.3 20.00 52.00 72.00 OK
r-patched-linux-x86_64 1.0.3 20.69 37.09 57.78 OK
r-release-linux-x86_64 1.0.3 16.04 38.13 54.17 OK
r-release-macos-arm64 1.0.3 42.00 OK
r-release-macos-x86_64 1.0.3 69.00 NOTE
r-release-windows-x86_64 1.0.3 26.00 60.00 86.00 OK
r-oldrel-macos-arm64 1.0.3 40.00 OK
r-oldrel-windows-x86_64 1.0.3 27.00 60.00 87.00 OK

Check Details

Version: 1.0.3
Check: installed package size
Result: NOTE installed size is 5.2Mb sub-directories of 1Mb or more: data 4.9Mb Flavor: r-release-macos-x86_64