CRAN Package Check Results for Package hazer

Last updated on 2020-08-13 15:51:06 CEST.

Flavor Version Tinstall Tcheck Ttotal Status Flags
r-devel-linux-x86_64-debian-clang 1.1.1 2.09 45.17 47.26 OK
r-devel-linux-x86_64-debian-gcc 1.1.1 1.55 31.96 33.51 OK
r-devel-linux-x86_64-fedora-clang 1.1.1 62.11 OK
r-devel-linux-x86_64-fedora-gcc 1.1.1 51.22 OK
r-devel-windows-ix86+x86_64 1.1.1 7.00 69.00 76.00 ERROR
r-patched-linux-x86_64 1.1.1 1.78 41.52 43.30 OK
r-patched-solaris-x86 1.1.1 82.20 OK
r-release-linux-x86_64 1.1.1 1.67 42.46 44.13 OK
r-release-macos-x86_64 1.1.1 OK
r-release-windows-ix86+x86_64 1.1.1 7.00 71.00 78.00 ERROR
r-oldrel-macos-x86_64 1.1.1 OK
r-oldrel-windows-ix86+x86_64 1.1.1 4.00 49.00 53.00 OK

Check Details

Version: 1.1.1
Check: tests
Result: ERROR
     Running 'testthat.R' [12s]
    Running the tests in 'tests/testthat.R' failed.
    Complete output:
     > library(testthat)
     > library(hazer)
     >
     > test_check("hazer")
     -- 1. Failure: test the haze (@testall.R#22) ----------------------------------
     floor(h$haze * 1000) not equal to ifelse(tolower(Sys.info()[[1]]) != "linux", 225, 224).
     1/1 mismatches
     [1] 224 - 225 == -1
    
     -- 2. Failure: test the haze (@testall.R#23) ----------------------------------
     floor(h$A0 * 1000) not equal to ifelse(tolower(Sys.info()[[1]]) != "linux", 710, 712).
     1/1 mismatches
     [1] 712 - 710 == 2
    
     == testthat results ===========================================================
     [ OK: 4 | SKIPPED: 0 | WARNINGS: 0 | FAILED: 2 ]
     1. Failure: test the haze (@testall.R#22)
     2. Failure: test the haze (@testall.R#23)
    
     Error: testthat unit tests failed
     Execution halted
Flavors: r-devel-windows-ix86+x86_64, r-release-windows-ix86+x86_64