CRAN Package Check Results for Package h2o

Last updated on 2020-06-04 03:49:19 CEST.

Flavor Version Tinstall Tcheck Ttotal Status Flags
r-devel-linux-x86_64-debian-clang 3.30.0.1 27.69 120.57 148.26 OK
r-devel-linux-x86_64-debian-gcc 3.30.0.1 23.35 90.48 113.83 OK
r-devel-linux-x86_64-fedora-clang 3.30.0.1 177.90 NOTE
r-devel-linux-x86_64-fedora-gcc 3.30.0.1 175.52 OK
r-devel-windows-ix86+x86_64 3.30.0.1 170.00 189.00 359.00 NOTE
r-patched-linux-x86_64 3.30.0.1 24.83 117.86 142.69 OK
r-patched-solaris-x86 3.30.0.1 211.30 NOTE
r-release-linux-x86_64 3.30.0.1 23.50 119.82 143.32 OK
r-release-osx-x86_64 3.30.0.1 NOTE
r-release-windows-ix86+x86_64 3.30.0.1 160.00 138.00 298.00 NOTE
r-oldrel-osx-x86_64 3.30.0.1 NOTE
r-oldrel-windows-ix86+x86_64 3.30.0.1 172.00 177.00 349.00 NOTE

Check Details

Version: 3.30.0.1
Check: installed package size
Result: NOTE
     installed size is 134.4Mb
     sub-directories of 1Mb or more:
     R 1.1Mb
     java 132.1Mb
Flavors: r-devel-linux-x86_64-fedora-clang, r-devel-windows-ix86+x86_64, r-patched-solaris-x86, r-release-osx-x86_64, r-release-windows-ix86+x86_64, r-oldrel-osx-x86_64, r-oldrel-windows-ix86+x86_64