CRAN Package Check Results for Package gtools

Last updated on 2020-07-03 15:48:02 CEST.

Flavor Version Tinstall Tcheck Ttotal Status Flags
r-devel-linux-x86_64-debian-clang 3.8.2 4.63 40.36 44.99 NOTE
r-devel-linux-x86_64-debian-gcc 3.8.2 3.25 32.02 35.27 NOTE
r-devel-linux-x86_64-fedora-clang 3.8.2 61.20 NOTE
r-devel-linux-x86_64-fedora-gcc 3.8.2 138.53 NOTE
r-devel-windows-ix86+x86_64 3.8.2 21.00 102.00 123.00 ERROR
r-patched-linux-x86_64 3.8.2 4.27 41.11 45.38 NOTE
r-patched-solaris-x86 3.8.2 80.30 NOTE
r-release-linux-x86_64 3.8.2 4.07 40.44 44.51 NOTE
r-release-osx-x86_64 3.8.2 NOTE
r-release-windows-ix86+x86_64 3.8.2 14.00 74.00 88.00 NOTE
r-oldrel-osx-x86_64 3.8.2 NOTE
r-oldrel-windows-ix86+x86_64 3.8.2 16.00 73.00 89.00 NOTE

Check Details

Version: 3.8.2
Check: R code for possible problems
Result: NOTE
    Found the following possibly unsafe calls:
    File 'gtools/R/unByteCode.R':
     unlockBinding(name, env = env)
Flavors: r-devel-linux-x86_64-debian-clang, r-devel-linux-x86_64-debian-gcc, r-devel-linux-x86_64-fedora-clang, r-devel-linux-x86_64-fedora-gcc, r-devel-windows-ix86+x86_64, r-patched-linux-x86_64, r-patched-solaris-x86, r-release-linux-x86_64, r-release-osx-x86_64, r-release-windows-ix86+x86_64, r-oldrel-osx-x86_64, r-oldrel-windows-ix86+x86_64

Version: 3.8.2
Check: Rd cross-references
Result: NOTE
    Undeclared packages ‘taxize’, ‘SGP’, ‘car’, ‘gplots’ in Rd xrefs
Flavor: r-devel-linux-x86_64-fedora-clang

Version: 3.8.2
Check: running tests for arch ‘i386’
Result: ERROR
     Running 'smartbind_Dates.R' [1s]
     Running 'smartbind_emptynames.R' [1s]
     Running 'test_binsearch.R' [1s]
     Running 'test_ddirichlet.R' [1s]
     Running 'test_mixedorder.R' [1s]
     Running 'test_setTCPNoDelay.R' [1s]
    Running the tests in 'tests/test_setTCPNoDelay.R' failed.
    Complete output:
     > library('gtools')
     >
     > host <- "www.r-project.org"
     >
     > socket <- make.socket(host, 80)
     > print(socket)
     Socket connection # 748 to on port 80
     >
     > setTCPNoDelay(socket, TRUE)
     >
     > write.socket(socket, "GET /\n\n")
     > write.socket(socket, "A")
     > write.socket(socket, "B\n")
     >
     > while( (str <- read.socket(socket)) > "" )
     + cat(str)
     socket error: Eine vorhandene Verbindung wurde vom Remotehost geschlossen
     Error in read.socket(socket) : Error reading data in Rsockread
     Execution halted
Flavor: r-devel-windows-ix86+x86_64