CRAN Package Check Results for Package gtable

Last updated on 2020-08-06 04:48:05 CEST.

Flavor Version Tinstall Tcheck Ttotal Status Flags
r-devel-linux-x86_64-debian-clang 0.3.0 2.77 64.22 66.99 OK
r-devel-linux-x86_64-debian-gcc 0.3.0 2.27 46.81 49.08 OK
r-devel-linux-x86_64-fedora-clang 0.3.0 86.62 OK
r-devel-linux-x86_64-fedora-gcc 0.3.0 78.42 OK
r-devel-windows-ix86+x86_64 0.3.0 14.00 74.00 88.00 OK
r-patched-linux-x86_64 0.3.0 2.50 61.23 63.73 OK
r-patched-solaris-x86 0.3.0 75.80 WARN
r-release-linux-x86_64 0.3.0 2.08 61.90 63.98 OK
r-release-macos-x86_64 0.3.0 WARN
r-release-windows-ix86+x86_64 0.3.0 16.00 94.00 110.00 OK
r-oldrel-macos-x86_64 0.3.0 ERROR
r-oldrel-windows-ix86+x86_64 0.3.0 14.00 79.00 93.00 OK

Check Details

Version: 0.3.0
Check: re-building of vignette outputs
Result: WARN
    Error(s) in re-building vignettes:
     ...
    --- re-building ‘profiling.Rmd’ using rmarkdown
    Warning in engine$weave(file, quiet = quiet, encoding = enc) :
     Pandoc (>= 1.12.3) and/or pandoc-citeproc not available. Falling back to R Markdown v1.
Flavor: r-patched-solaris-x86

Version: 0.3.0
Check: re-building of vignette outputs
Result: WARN
    Error(s) in re-building vignettes:
     ...
    --- re-building ‘profiling.Rmd’ using rmarkdown
    Warning in engine$weave(file, quiet = quiet, encoding = enc) :
     Pandoc (>= 1.12.3) and/or pandoc-citeproc not available. Falling back to R Markdown v1.
    Quitting from lines 22-34 (profiling.Rmd)
    Error: processing vignette 'profiling.Rmd' failed with diagnostics:
    cannot open the connection
    --- failed re-building ‘profiling.Rmd’
    
    SUMMARY: processing the following file failed:
     ‘profiling.Rmd’
    
    Error: Vignette re-building failed.
    Execution halted
Flavor: r-release-macos-x86_64

Version: 0.3.0
Check: tests
Result: ERROR
     Running ‘testthat.R’ [0s/1s]
    Running the tests in ‘tests/testthat.R’ failed.
    Complete output:
     > library(testthat)
     Error: package or namespace load failed for 'testthat' in loadNamespace(i, c(lib.loc, .libPaths()), versionCheck = vI[[i]]):
     there is no package called 'rlang'
     Execution halted
Flavor: r-oldrel-macos-x86_64

Version: 0.3.0
Check: re-building of vignette outputs
Result: WARN
    Error(s) in re-building vignettes:
     ...
    --- re-building ‘profiling.Rmd’ using rmarkdown
    Warning in engine$weave(file, quiet = quiet, encoding = enc) :
     Pandoc (>= 1.12.3) and/or pandoc-citeproc not available. Falling back to R Markdown v1.
    Quitting from lines 22-34 (profiling.Rmd)
    Error: processing vignette 'profiling.Rmd' failed with diagnostics:
    package or namespace load failed for 'ggplot2' in loadNamespace(j <- i[[1L]], c(lib.loc, .libPaths()), versionCheck = vI[[j]]):
     there is no package called 'rlang'
    --- failed re-building ‘profiling.Rmd’
    
    SUMMARY: processing the following file failed:
     ‘profiling.Rmd’
    
    Error: Vignette re-building failed.
    Execution halted
Flavor: r-oldrel-macos-x86_64