CRAN Package Check Results for Package gsynth

Last updated on 2023-11-29 04:57:23 CET.

Flavor Version Tinstall Tcheck Ttotal Status Flags
r-devel-linux-x86_64-debian-clang 1.2.1 62.90 126.36 189.26 NOTE
r-devel-linux-x86_64-debian-gcc 1.2.1 44.50 92.11 136.61 NOTE
r-devel-linux-x86_64-fedora-clang 1.2.1 242.51 NOTE
r-devel-linux-x86_64-fedora-gcc 1.2.1 239.89 NOTE
r-devel-windows-x86_64 1.2.1 47.00 124.00 171.00 NOTE
r-patched-linux-x86_64 1.2.1 39.55 120.64 160.19 NOTE
r-release-linux-x86_64 1.2.1 44.60 117.28 161.88 NOTE
r-release-macos-arm64 1.2.1 68.00 NOTE
r-release-macos-x86_64 1.2.1 111.00 NOTE
r-release-windows-x86_64 1.2.1 64.00 150.00 214.00 NOTE
r-oldrel-macos-arm64 1.2.1 61.00 OK
r-oldrel-macos-x86_64 1.2.1 124.00 OK
r-oldrel-windows-x86_64 1.2.1 64.00 144.00 208.00 OK

Check Details

Version: 1.2.1
Check: C++ specification
Result: NOTE Specified C++11: please drop specification unless essential Flavors: r-devel-linux-x86_64-debian-clang, r-devel-linux-x86_64-debian-gcc, r-devel-linux-x86_64-fedora-clang, r-devel-linux-x86_64-fedora-gcc, r-devel-windows-x86_64, r-patched-linux-x86_64, r-release-linux-x86_64, r-release-macos-arm64, r-release-macos-x86_64, r-release-windows-x86_64