CRAN Package Check Results for Package gsbm

Last updated on 2024-02-23 16:53:19 CET.

Flavor Version Tinstall Tcheck Ttotal Status Flags
r-devel-linux-x86_64-debian-clang 0.2.2 NOTE
r-devel-linux-x86_64-debian-gcc 0.2.2 7.15 374.49 381.64 NOTE
r-devel-linux-x86_64-fedora-clang 0.2.2 654.41 OK
r-devel-linux-x86_64-fedora-gcc 0.2.2 709.29 OK
r-devel-windows-x86_64 0.2.2 9.00 418.00 427.00 OK
r-patched-linux-x86_64 0.2.2 9.15 532.19 541.34 OK
r-release-linux-x86_64 0.2.2 7.42 522.46 529.88 OK
r-release-macos-arm64 0.2.2 188.00 OK
r-release-macos-x86_64 0.2.2 335.00 OK
r-release-windows-x86_64 0.2.2 10.00 466.00 476.00 OK
r-oldrel-macos-arm64 0.2.2 189.00 OK
r-oldrel-windows-x86_64 0.2.2 11.00 474.00 485.00 OK

Check Details

Version: 0.2.2
Check: Rd files
Result: NOTE checkRd: (-1) crossval.Rd:54: Lost braces in \itemize; \value handles \item{}{} directly checkRd: (-1) crossval.Rd:55: Lost braces in \itemize; \value handles \item{}{} directly checkRd: (-1) crossval.Rd:56: Lost braces in \itemize; \value handles \item{}{} directly checkRd: (-1) crossval.Rd:57: Lost braces in \itemize; \value handles \item{}{} directly checkRd: (-1) crossval.Rd:58: Lost braces in \itemize; \value handles \item{}{} directly checkRd: (-1) crossval.Rd:59: Lost braces in \itemize; \value handles \item{}{} directly checkRd: (-1) gsbm_mcgd.Rd:57: Lost braces in \itemize; \value handles \item{}{} directly checkRd: (-1) gsbm_mcgd.Rd:58: Lost braces in \itemize; \value handles \item{}{} directly checkRd: (-1) gsbm_mcgd.Rd:59: Lost braces in \itemize; \value handles \item{}{} directly checkRd: (-1) gsbm_mcgd.Rd:60: Lost braces in \itemize; \value handles \item{}{} directly checkRd: (-1) gsbm_mcgd.Rd:61: Lost braces in \itemize; \value handles \item{}{} directly checkRd: (-1) gsbm_mcgd.Rd:62: Lost braces in \itemize; \value handles \item{}{} directly checkRd: (-1) gsbm_mcgd_parallel.Rd:57: Lost braces in \itemize; \value handles \item{}{} directly checkRd: (-1) gsbm_mcgd_parallel.Rd:58: Lost braces in \itemize; \value handles \item{}{} directly checkRd: (-1) gsbm_mcgd_parallel.Rd:59: Lost braces in \itemize; \value handles \item{}{} directly checkRd: (-1) gsbm_mcgd_parallel.Rd:60: Lost braces in \itemize; \value handles \item{}{} directly checkRd: (-1) gsbm_mcgd_parallel.Rd:61: Lost braces in \itemize; \value handles \item{}{} directly checkRd: (-1) gsbm_mcgd_parallel.Rd:62: Lost braces in \itemize; \value handles \item{}{} directly Flavors: r-devel-linux-x86_64-debian-clang, r-devel-linux-x86_64-debian-gcc