CRAN Package Check Results for Package groupWQS

Last updated on 2024-02-27 16:49:17 CET.

Flavor Version Tinstall Tcheck Ttotal Status Flags
r-devel-linux-x86_64-debian-clang 0.0.3 2.91 110.76 113.67 OK
r-devel-linux-x86_64-debian-gcc 0.0.3 2.44 77.10 79.54 OK
r-devel-linux-x86_64-fedora-clang 0.0.3 136.86 NOTE
r-devel-linux-x86_64-fedora-gcc 0.0.3 153.37 NOTE
r-devel-windows-x86_64 0.0.3 4.00 105.00 109.00 OK
r-patched-linux-x86_64 0.0.3 3.33 106.58 109.91 OK
r-release-linux-x86_64 0.0.3 3.46 107.46 110.92 OK
r-release-macos-arm64 0.0.3 46.00 OK
r-release-macos-x86_64 0.0.3 78.00 OK
r-release-windows-x86_64 0.0.3 4.00 119.00 123.00 OK
r-oldrel-macos-arm64 0.0.3 43.00 OK
r-oldrel-windows-x86_64 0.0.3 4.00 119.00 123.00 OK

Check Details

Version: 0.0.3
Check: dependencies in R code
Result: NOTE Namespaces in Imports field not imported from: ‘MASS’ ‘rjags’ All declared Imports should be used. Flavors: r-devel-linux-x86_64-fedora-clang, r-devel-linux-x86_64-fedora-gcc