CRAN Package Check Results for Package gridsample

Last updated on 2020-06-04 03:49:19 CEST.

Flavor Version Tinstall Tcheck Ttotal Status Flags
r-devel-linux-x86_64-debian-clang 0.2.1 15.56 171.88 187.44 WARN
r-devel-linux-x86_64-debian-gcc 0.2.1 12.83 131.35 144.18 WARN
r-devel-linux-x86_64-fedora-clang 0.2.1 217.91 OK
r-devel-linux-x86_64-fedora-gcc 0.2.1 209.52 OK
r-devel-windows-ix86+x86_64 0.2.1 51.00 246.00 297.00 WARN
r-patched-linux-x86_64 0.2.1 13.40 161.94 175.34 WARN
r-patched-solaris-x86 0.2.1 318.70 OK
r-release-linux-x86_64 0.2.1 13.90 160.79 174.69 WARN
r-release-osx-x86_64 0.2.1 OK
r-release-windows-ix86+x86_64 0.2.1 35.00 167.00 202.00 WARN
r-oldrel-osx-x86_64 0.2.1 OK
r-oldrel-windows-ix86+x86_64 0.2.1 41.00 223.00 264.00 WARN

Check Details

Version: 0.2.1
Check: re-building of vignette outputs
Result: WARN
    Error(s) in re-building vignettes:
     ...
    --- re-building 'Rwanda.Rmd' using rmarkdown
    Quitting from lines 66-84 (Rwanda.Rmd)
    Error: processing vignette 'Rwanda.Rmd' failed with diagnostics:
    missing value where TRUE/FALSE needed
    --- failed re-building 'Rwanda.Rmd'
    
    SUMMARY: processing the following file failed:
     'Rwanda.Rmd'
    
    Error: Vignette re-building failed.
    Execution halted
Flavors: r-devel-linux-x86_64-debian-clang, r-patched-linux-x86_64, r-release-linux-x86_64

Version: 0.2.1
Check: re-building of vignette outputs
Result: WARN
    Error(s) in re-building vignettes:
     ...
    --- re-building ‘Rwanda.Rmd’ using rmarkdown
    Quitting from lines 66-84 (Rwanda.Rmd)
    Error: processing vignette 'Rwanda.Rmd' failed with diagnostics:
    invalid first argument
    --- failed re-building ‘Rwanda.Rmd’
    
    SUMMARY: processing the following file failed:
     ‘Rwanda.Rmd’
    
    Error: Vignette re-building failed.
    Execution halted
Flavor: r-devel-linux-x86_64-debian-gcc

Version: 0.2.1
Check: re-building of vignette outputs
Result: WARN
    Error(s) in re-building vignettes:
    --- re-building 'Rwanda.Rmd' using rmarkdown
    Quitting from lines 66-84 (Rwanda.Rmd)
    Error: processing vignette 'Rwanda.Rmd' failed with diagnostics:
    missing value where TRUE/FALSE needed
    --- failed re-building 'Rwanda.Rmd'
    
    SUMMARY: processing the following file failed:
     'Rwanda.Rmd'
    
    Error: Vignette re-building failed.
    Execution halted
Flavors: r-devel-windows-ix86+x86_64, r-release-windows-ix86+x86_64, r-oldrel-windows-ix86+x86_64