Last updated on 2023-12-06 03:50:00 CET.
Flavor | Version | Tinstall | Tcheck | Ttotal | Status | Flags |
---|---|---|---|---|---|---|
r-devel-linux-x86_64-debian-clang | 0.2.0 | 11.59 | 113.47 | 125.06 | NOTE | |
r-devel-linux-x86_64-debian-gcc | 0.2.0 | 8.80 | 87.52 | 96.32 | NOTE | |
r-devel-linux-x86_64-fedora-clang | 0.2.0 | 162.54 | OK | |||
r-devel-linux-x86_64-fedora-gcc | 0.2.0 | 170.18 | OK | |||
r-devel-windows-x86_64 | 0.2.0 | 47.00 | 520.00 | 567.00 | OK | |
r-patched-linux-x86_64 | 0.2.0 | 9.91 | 112.08 | 121.99 | OK | |
r-release-linux-x86_64 | 0.2.0 | 10.14 | 113.73 | 123.87 | OK | |
r-release-macos-arm64 | 0.2.0 | 56.00 | OK | |||
r-release-macos-x86_64 | 0.2.0 | 92.00 | OK | |||
r-release-windows-x86_64 | 0.2.0 | 20.00 | 198.00 | 218.00 | OK | |
r-oldrel-macos-arm64 | 0.2.0 | 43.00 | OK | |||
r-oldrel-macos-x86_64 | 0.2.0 | 67.00 | OK | |||
r-oldrel-windows-x86_64 | 0.2.0 | 20.00 | 193.00 | 213.00 | OK |
Version: 0.2.0
Check: Rd files
Result: NOTE
checkRd: (-1) iterate_matrix.Rd:32-33: Lost braces in \itemize; \value handles \item{}{} directly
checkRd: (-1) iterate_matrix.Rd:34-36: Lost braces in \itemize; \value handles \item{}{} directly
checkRd: (-1) iterate_matrix.Rd:37-38: Lost braces in \itemize; \value handles \item{}{} directly
checkRd: (-1) iterate_matrix.Rd:39-41: Lost braces in \itemize; \value handles \item{}{} directly
checkRd: (-1) iterate_matrix.Rd:42-44: Lost braces in \itemize; \value handles \item{}{} directly
Flavors: r-devel-linux-x86_64-debian-clang, r-devel-linux-x86_64-debian-gcc