CRAN Package Check Results for Package gratia

Last updated on 2020-08-04 03:47:51 CEST.

Flavor Version Tinstall Tcheck Ttotal Status Flags
r-devel-linux-x86_64-debian-clang 0.4.1 15.97 284.88 300.85 OK
r-devel-linux-x86_64-debian-gcc 0.4.1 12.95 205.71 218.66 OK
r-devel-linux-x86_64-fedora-clang 0.4.1 346.74 NOTE
r-devel-linux-x86_64-fedora-gcc 0.4.1 337.34 OK
r-devel-windows-ix86+x86_64 0.4.1 37.00 307.00 344.00 OK
r-patched-linux-x86_64 0.4.1 14.33 269.43 283.76 OK
r-patched-solaris-x86 0.4.1 480.70 OK
r-release-linux-x86_64 0.4.1 15.79 267.42 283.21 OK
r-release-macos-x86_64 0.4.1 OK
r-release-windows-ix86+x86_64 0.4.1 51.00 291.00 342.00 OK
r-oldrel-macos-x86_64 0.4.1 OK
r-oldrel-windows-ix86+x86_64 0.4.1 25.00 281.00 306.00 OK

Check Details

Version: 0.4.1
Check: Rd cross-references
Result: NOTE
    Undeclared package ‘carData’ in Rd xrefs
Flavor: r-devel-linux-x86_64-fedora-clang