Last updated on 2023-12-06 16:53:13 CET.
Flavor | Version | Tinstall | Tcheck | Ttotal | Status | Flags |
---|---|---|---|---|---|---|
r-devel-linux-x86_64-debian-clang | 0.8.1 | 24.77 | 506.35 | 531.12 | NOTE | |
r-devel-linux-x86_64-debian-gcc | 0.8.1 | 19.55 | 387.84 | 407.39 | NOTE | |
r-devel-linux-x86_64-fedora-clang | 0.8.1 | 650.10 | OK | |||
r-devel-linux-x86_64-fedora-gcc | 0.8.1 | 648.11 | OK | |||
r-devel-windows-x86_64 | 0.8.1 | 20.00 | 388.00 | 408.00 | OK | |
r-patched-linux-x86_64 | 0.8.1 | 16.29 | 494.32 | 510.61 | OK | |
r-release-linux-x86_64 | 0.8.1 | 20.99 | 489.43 | 510.42 | OK | |
r-release-macos-arm64 | 0.8.1 | 189.00 | OK | |||
r-release-macos-x86_64 | 0.8.1 | 291.00 | OK | |||
r-release-windows-x86_64 | 0.8.1 | 28.00 | 491.00 | 519.00 | OK | |
r-oldrel-macos-arm64 | 0.8.1 | 172.00 | OK | |||
r-oldrel-macos-x86_64 | 0.8.1 | 235.00 | OK | |||
r-oldrel-windows-x86_64 | 0.8.1 | 27.00 | 483.00 | 510.00 | OK |
Version: 0.8.1
Check: Rd files
Result: NOTE
checkRd: (-1) term_names.Rd:19: Lost braces; missing escapes or markup?
19 | \item{object}{a fitted GAM object or an {mgcv} smooth object}
| ^
Flavors: r-devel-linux-x86_64-debian-clang, r-devel-linux-x86_64-debian-gcc