CRAN Package Check Results for Package grapherator

Last updated on 2023-12-07 16:49:33 CET.

Flavor Version Tinstall Tcheck Ttotal Status Flags
r-devel-linux-x86_64-debian-clang 1.0.0 11.30 133.80 145.10 NOTE
r-devel-linux-x86_64-debian-gcc 1.0.0 10.25 98.84 109.09 NOTE
r-devel-linux-x86_64-fedora-clang 1.0.0 178.24 NOTE
r-devel-linux-x86_64-fedora-gcc 1.0.0 186.70 NOTE
r-devel-windows-x86_64 1.0.0 11.00 126.00 137.00 NOTE
r-patched-linux-x86_64 1.0.0 11.32 127.55 138.87 NOTE
r-release-linux-x86_64 1.0.0 11.27 127.45 138.72 NOTE
r-release-macos-arm64 1.0.0 67.00 NOTE
r-release-macos-x86_64 1.0.0 98.00 NOTE
r-release-windows-x86_64 1.0.0 15.00 144.00 159.00 NOTE
r-oldrel-macos-arm64 1.0.0 49.00 NOTE
r-oldrel-macos-x86_64 1.0.0 92.00 NOTE
r-oldrel-windows-x86_64 1.0.0 15.00 146.00 161.00 NOTE

Check Details

Version: 1.0.0
Check: LazyData
Result: NOTE 'LazyData' is specified without a 'data' directory Flavors: r-devel-linux-x86_64-debian-clang, r-devel-linux-x86_64-debian-gcc, r-devel-linux-x86_64-fedora-clang, r-devel-linux-x86_64-fedora-gcc, r-devel-windows-x86_64, r-patched-linux-x86_64, r-release-linux-x86_64, r-release-macos-arm64, r-release-macos-x86_64, r-release-windows-x86_64, r-oldrel-macos-arm64, r-oldrel-macos-x86_64, r-oldrel-windows-x86_64

Version: 1.0.0
Check: dependencies in R code
Result: NOTE Namespace in Imports field not imported from: ‘reshape2’ All declared Imports should be used. Flavors: r-devel-linux-x86_64-fedora-clang, r-devel-linux-x86_64-fedora-gcc, r-oldrel-macos-arm64, r-oldrel-macos-x86_64