CRAN Package Check Results for Package grapherator

Last updated on 2020-08-03 05:48:48 CEST.

Flavor Version Tinstall Tcheck Ttotal Status Flags
r-devel-linux-x86_64-debian-clang 1.0.0 10.01 106.97 116.98 OK
r-devel-linux-x86_64-debian-gcc 1.0.0 8.07 80.48 88.55 OK
r-devel-linux-x86_64-fedora-clang 1.0.0 146.34 NOTE
r-devel-linux-x86_64-fedora-gcc 1.0.0 136.55 NOTE
r-devel-windows-ix86+x86_64 1.0.0 37.00 113.00 150.00 OK
r-patched-linux-x86_64 1.0.0 9.71 101.85 111.56 OK
r-patched-solaris-x86 1.0.0 199.30 NOTE
r-release-linux-x86_64 1.0.0 9.85 102.48 112.33 OK
r-release-macos-x86_64 1.0.0 NOTE
r-release-windows-ix86+x86_64 1.0.0 44.00 153.00 197.00 OK
r-oldrel-macos-x86_64 1.0.0 NOTE
r-oldrel-windows-ix86+x86_64 1.0.0 23.00 101.00 124.00 OK

Check Details

Version: 1.0.0
Check: dependencies in R code
Result: NOTE
    Namespace in Imports field not imported from: ‘reshape2’
     All declared Imports should be used.
Flavors: r-devel-linux-x86_64-fedora-clang, r-devel-linux-x86_64-fedora-gcc, r-patched-solaris-x86, r-release-macos-x86_64, r-oldrel-macos-x86_64