CRAN Package Check Results for Package graphTweets

Last updated on 2020-08-03 05:48:48 CEST.

Flavor Version Tinstall Tcheck Ttotal Status Flags
r-devel-linux-x86_64-debian-clang 0.5.3 3.71 36.55 40.26 OK
r-devel-linux-x86_64-debian-gcc 0.5.3 3.07 28.25 31.32 OK
r-devel-linux-x86_64-fedora-clang 0.5.3 57.91 NOTE
r-devel-linux-x86_64-fedora-gcc 0.5.3 47.63 NOTE
r-devel-windows-ix86+x86_64 0.5.3 15.00 50.00 65.00 OK
r-patched-linux-x86_64 0.5.3 3.98 36.32 40.30 OK
r-patched-solaris-x86 0.5.3 68.80 NOTE
r-release-linux-x86_64 0.5.3 3.21 35.25 38.46 OK
r-release-macos-x86_64 0.5.3 NOTE
r-release-windows-ix86+x86_64 0.5.3 16.00 53.00 69.00 OK
r-oldrel-macos-x86_64 0.5.3 NOTE
r-oldrel-windows-ix86+x86_64 0.5.3 7.00 46.00 53.00 OK

Check Details

Version: 0.5.3
Check: dependencies in R code
Result: NOTE
    Namespace in Imports field not imported from: ‘utils’
     All declared Imports should be used.
Flavors: r-devel-linux-x86_64-fedora-clang, r-devel-linux-x86_64-fedora-gcc, r-patched-solaris-x86, r-release-macos-x86_64, r-oldrel-macos-x86_64