CRAN Package Check Results for Package graph3d

Last updated on 2024-03-03 04:48:37 CET.

Flavor Version Tinstall Tcheck Ttotal Status Flags
r-devel-linux-x86_64-debian-clang 0.2.0 2.56 32.18 34.74 NOTE
r-devel-linux-x86_64-debian-gcc 0.2.0 2.27 25.33 27.60 NOTE
r-devel-linux-x86_64-fedora-clang 0.2.0 44.23 NOTE
r-devel-linux-x86_64-fedora-gcc 0.2.0 42.88 NOTE
r-devel-windows-x86_64 0.2.0 5.00 46.00 51.00 NOTE
r-patched-linux-x86_64 0.2.0 3.35 31.47 34.82 NOTE
r-release-linux-x86_64 0.2.0 2.05 31.52 33.57 NOTE
r-release-macos-arm64 0.2.0 25.00 NOTE
r-release-macos-x86_64 0.2.0 24.00 NOTE
r-release-windows-x86_64 0.2.0 6.00 51.00 57.00 NOTE
r-oldrel-macos-arm64 0.2.0 18.00 NOTE
r-oldrel-windows-x86_64 0.2.0 6.00 52.00 58.00 NOTE

Check Details

Version: 0.2.0
Check: LazyData
Result: NOTE 'LazyData' is specified without a 'data' directory Flavors: r-devel-linux-x86_64-debian-clang, r-devel-linux-x86_64-debian-gcc, r-devel-linux-x86_64-fedora-clang, r-devel-linux-x86_64-fedora-gcc, r-devel-windows-x86_64, r-patched-linux-x86_64, r-release-linux-x86_64, r-release-macos-arm64, r-release-macos-x86_64, r-release-windows-x86_64, r-oldrel-macos-arm64, r-oldrel-windows-x86_64