CRAN Package Check Results for Package grapesAgri1

Last updated on 2024-07-13 16:48:17 CEST.

Flavor Version Tinstall Tcheck Ttotal Status Flags
r-devel-linux-x86_64-debian-clang 1.1.0 3.29 30.04 33.33 NOTE
r-devel-linux-x86_64-debian-gcc 1.1.0 2.49 23.14 25.63 NOTE
r-devel-linux-x86_64-fedora-clang 1.1.0 40.98 NOTE
r-devel-linux-x86_64-fedora-gcc 1.1.0 39.59 NOTE
r-devel-windows-x86_64 1.1.0 6.00 47.00 53.00 NOTE
r-patched-linux-x86_64 1.1.0 3.56 28.30 31.86 NOTE
r-release-linux-x86_64 1.1.0 2.74 28.70 31.44 NOTE
r-release-macos-arm64 1.1.0 20.00 NOTE
r-release-macos-x86_64 1.1.0 25.00 NOTE
r-release-windows-x86_64 1.1.0 5.00 45.00 50.00 NOTE
r-oldrel-macos-arm64 1.1.0 21.00 NOTE
r-oldrel-macos-x86_64 1.1.0 24.00 NOTE
r-oldrel-windows-x86_64 1.1.0 6.00 49.00 55.00 NOTE

Check Details

Version: 1.1.0
Check: Rd files
Result: NOTE checkRd: (-1) corrApp.Rd:40: Escaped LaTeX specials: \& checkRd: (-1) crdApp.Rd:46: Escaped LaTeX specials: \& checkRd: (-1) descApp.Rd:55: Escaped LaTeX specials: \& checkRd: (-1) layoutApp.Rd:50: Escaped LaTeX specials: \& checkRd: (-1) rbdApp.Rd:46: Escaped LaTeX specials: \& checkRd: (-1) ttApp.Rd:43: Escaped LaTeX specials: \& Flavors: r-devel-linux-x86_64-debian-clang, r-devel-linux-x86_64-debian-gcc, r-devel-linux-x86_64-fedora-clang, r-devel-linux-x86_64-fedora-gcc, r-devel-windows-x86_64, r-patched-linux-x86_64, r-release-linux-x86_64, r-release-macos-arm64, r-release-macos-x86_64, r-release-windows-x86_64, r-oldrel-macos-arm64, r-oldrel-macos-x86_64, r-oldrel-windows-x86_64

Version: 1.1.0
Check: package dependencies
Result: NOTE Imports includes 21 non-default packages. Importing from so many packages makes the package vulnerable to any of them becoming unavailable. Move as many as possible to Suggests and use conditionally. Flavor: r-devel-linux-x86_64-fedora-clang

Version: 1.1.0
Check: dependencies in R code
Result: NOTE Namespaces in Imports field not imported from: ‘Hmisc’ ‘PairedData’ ‘RColorBrewer’ ‘agricolae’ ‘corrplot’ ‘desplot’ ‘dplyr’ ‘ggplot2’ ‘ggpubr’ ‘gridGraphics’ ‘gtools’ ‘kableExtra’ ‘knitr’ ‘magrittr’ ‘pastecs’ ‘reshape2’ ‘rmarkdown’ ‘shinyWidgets’ ‘summarytools’ All declared Imports should be used. Flavors: r-devel-linux-x86_64-fedora-clang, r-devel-linux-x86_64-fedora-gcc