Last updated on 2023-12-03 16:51:34 CET.
Flavor | Version | Tinstall | Tcheck | Ttotal | Status | Flags |
---|---|---|---|---|---|---|
r-devel-linux-x86_64-debian-clang | 4.0 | 20.87 | 212.17 | 233.04 | OK | |
r-devel-linux-x86_64-debian-gcc | 4.0 | 17.22 | 156.77 | 173.99 | OK | |
r-devel-linux-x86_64-fedora-clang | 4.0 | 281.20 | NOTE | |||
r-devel-linux-x86_64-fedora-gcc | 4.0 | 284.80 | OK | |||
r-devel-windows-x86_64 | 4.0 | 18.00 | 176.00 | 194.00 | NOTE | |
r-patched-linux-x86_64 | 4.0 | 28.86 | 198.70 | 227.56 | OK | |
r-release-linux-x86_64 | 4.0 | 14.23 | 203.12 | 217.35 | OK | |
r-release-macos-arm64 | 4.0 | 142.00 | NOTE | |||
r-release-macos-x86_64 | 4.0 | 161.00 | NOTE | |||
r-release-windows-x86_64 | 4.0 | 24.00 | 223.00 | 247.00 | NOTE | |
r-oldrel-macos-arm64 | 4.0 | 108.00 | NOTE | |||
r-oldrel-macos-x86_64 | 4.0 | 113.00 | NOTE | |||
r-oldrel-windows-x86_64 | 4.0 | 25.00 | 214.00 | 239.00 | NOTE |
Version: 4.0
Check: installed package size
Result: NOTE
installed size is 5.6Mb
sub-directories of 1Mb or more:
help 5.3Mb
Flavors: r-devel-linux-x86_64-fedora-clang, r-devel-windows-x86_64, r-release-macos-arm64, r-release-macos-x86_64, r-release-windows-x86_64, r-oldrel-macos-arm64, r-oldrel-macos-x86_64, r-oldrel-windows-x86_64
Version: 4.0
Check: Rd cross-references
Result: NOTE
Undeclared package ‘gratia’ in Rd xrefs
Flavor: r-devel-linux-x86_64-fedora-clang