CRAN Package Check Results for Package gradientPickerD3

Last updated on 2024-03-02 16:54:46 CET.

Flavor Version Tinstall Tcheck Ttotal Status Flags
r-devel-linux-x86_64-debian-clang 0.1.0.0 4.80 36.96 41.76 NOTE
r-devel-linux-x86_64-debian-gcc 0.1.0.0 3.53 29.11 32.64 NOTE
r-devel-linux-x86_64-fedora-clang 0.1.0.0 50.91 NOTE
r-devel-linux-x86_64-fedora-gcc 0.1.0.0 49.26 NOTE
r-devel-windows-x86_64 0.1.0.0 5.00 49.00 54.00 NOTE
r-patched-linux-x86_64 0.1.0.0 9.79 36.80 46.59 NOTE
r-release-linux-x86_64 0.1.0.0 4.32 36.51 40.83 NOTE
r-release-macos-arm64 0.1.0.0 23.00 NOTE
r-release-macos-x86_64 0.1.0.0 29.00 NOTE
r-release-windows-x86_64 0.1.0.0 8.00 54.00 62.00 NOTE
r-oldrel-macos-arm64 0.1.0.0 19.00 NOTE
r-oldrel-windows-x86_64 0.1.0.0 7.00 59.00 66.00 NOTE

Check Details

Version: 0.1.0.0
Check: LazyData
Result: NOTE 'LazyData' is specified without a 'data' directory Flavors: r-devel-linux-x86_64-debian-clang, r-devel-linux-x86_64-debian-gcc, r-devel-linux-x86_64-fedora-clang, r-devel-linux-x86_64-fedora-gcc, r-devel-windows-x86_64, r-patched-linux-x86_64, r-release-linux-x86_64, r-release-macos-arm64, r-release-macos-x86_64, r-release-windows-x86_64, r-oldrel-macos-arm64, r-oldrel-windows-x86_64