CRAN Package Check Results for Package gprofiler2

Last updated on 2020-05-25 15:49:01 CEST.

Flavor Version Tinstall Tcheck Ttotal Status Flags
r-devel-linux-x86_64-debian-clang 0.1.9 7.55 69.76 77.31 OK
r-devel-linux-x86_64-debian-gcc 0.1.9 6.28 55.46 61.74 OK
r-devel-linux-x86_64-fedora-clang 0.1.9 90.62 OK
r-devel-linux-x86_64-fedora-gcc 0.1.9 89.87 OK
r-devel-windows-ix86+x86_64 0.1.9 23.00 137.00 160.00 OK
r-patched-linux-x86_64 0.1.9 7.03 69.09 76.12 OK
r-patched-solaris-x86 0.1.9 113.30 WARN
r-release-linux-x86_64 0.1.9 7.90 69.13 77.03 OK
r-release-osx-x86_64 0.1.9 OK
r-release-windows-ix86+x86_64 0.1.9 27.00 141.00 168.00 OK
r-oldrel-osx-x86_64 0.1.9 WARN
r-oldrel-windows-ix86+x86_64 0.1.9 15.00 141.00 156.00 OK

Check Details

Version: 0.1.9
Check: re-building of vignette outputs
Result: WARN
    Error(s) in re-building vignettes:
     ...
    --- re-building ‘gprofiler2.Rmd’ using rmarkdown
    Warning in engine$weave(file, quiet = quiet, encoding = enc) :
     Pandoc (>= 1.12.3) and/or pandoc-citeproc not available. Falling back to R Markdown v1.
    Quitting from lines 243-244 (gprofiler2.Rmd)
    Error: processing vignette 'gprofiler2.Rmd' failed with diagnostics:
    there is no package called 'webshot'
    --- failed re-building ‘gprofiler2.Rmd’
    
    SUMMARY: processing the following file failed:
     ‘gprofiler2.Rmd’
    
    Error: Vignette re-building failed.
    Execution halted
Flavor: r-patched-solaris-x86

Version: 0.1.9
Check: re-building of vignette outputs
Result: WARN
    Error(s) in re-building vignettes:
     ...
    --- re-building ‘gprofiler2.Rmd’ using rmarkdown
    Warning in engine$weave(file, quiet = quiet, encoding = enc) :
     Pandoc (>= 1.12.3) and/or pandoc-citeproc not available. Falling back to R Markdown v1.
    Quitting from lines 243-244 (gprofiler2.Rmd)
    Error: processing vignette 'gprofiler2.Rmd' failed with diagnostics:
    cannot open the connection
    --- failed re-building ‘gprofiler2.Rmd’
    
    SUMMARY: processing the following file failed:
     ‘gprofiler2.Rmd’
    
    Error: Vignette re-building failed.
    Execution halted
Flavor: r-oldrel-osx-x86_64