Last updated on 2023-12-04 05:09:07 CET.
Flavor | Version | Tinstall | Tcheck | Ttotal | Status | Flags |
---|---|---|---|---|---|---|
r-devel-linux-x86_64-debian-clang | 2.7.8 | 8.66 | 88.99 | 97.65 | NOTE | |
r-devel-linux-x86_64-debian-gcc | 2.7.8 | 7.60 | 68.08 | 75.68 | NOTE | |
r-devel-linux-x86_64-fedora-clang | 2.7.8 | 121.67 | OK | |||
r-devel-linux-x86_64-fedora-gcc | 2.7.8 | 133.39 | OK | |||
r-devel-windows-x86_64 | 2.7.8 | 10.00 | 95.00 | 105.00 | OK | |
r-patched-linux-x86_64 | 2.7.8 | 7.39 | 86.21 | 93.60 | OK | |
r-release-linux-x86_64 | 2.7.8 | 7.25 | 86.44 | 93.69 | OK | |
r-release-macos-arm64 | 2.7.8 | 54.00 | OK | |||
r-release-macos-x86_64 | 2.7.8 | 96.00 | OK | |||
r-release-windows-x86_64 | 2.7.8 | 13.00 | 110.00 | 123.00 | OK | |
r-oldrel-macos-arm64 | 2.7.8 | 49.00 | OK | |||
r-oldrel-macos-x86_64 | 2.7.8 | 66.00 | OK | |||
r-oldrel-windows-x86_64 | 2.7.8 | 13.00 | 102.00 | 115.00 | OK |
Version: 2.7.8
Check: Rd files
Result: NOTE
checkRd: (-1) google_find_place.Rd:67: Lost braces in \itemize; meant \describe ?
checkRd: (-1) google_find_place.Rd:68: Lost braces in \itemize; meant \describe ?
checkRd: (-1) google_find_place.Rd:69: Lost braces in \itemize; meant \describe ?
checkRd: (-1) google_map.Rd:54: Lost braces; missing escapes or markup?
54 | of `{sf}` objects).}
| ^
Flavors: r-devel-linux-x86_64-debian-clang, r-devel-linux-x86_64-debian-gcc