CRAN Package Check Results for Package goodpractice

Last updated on 2024-02-26 04:49:28 CET.

Flavor Version Tinstall Tcheck Ttotal Status Flags
r-devel-linux-x86_64-debian-clang 1.0.4 8.31 99.48 107.79 NOTE
r-devel-linux-x86_64-debian-gcc 1.0.4 6.07 75.96 82.03 NOTE
r-devel-linux-x86_64-fedora-clang 1.0.4 134.20 NOTE
r-devel-linux-x86_64-fedora-gcc 1.0.4 160.43 NOTE
r-devel-windows-x86_64 1.0.4 9.00 110.00 119.00 NOTE
r-patched-linux-x86_64 1.0.4 9.83 97.28 107.11 OK
r-release-linux-x86_64 1.0.4 8.59 96.30 104.89 OK
r-release-macos-arm64 1.0.4 65.00 OK
r-release-macos-x86_64 1.0.4 93.00 OK
r-release-windows-x86_64 1.0.4 12.00 129.00 141.00 OK
r-oldrel-macos-arm64 1.0.4 65.00 OK
r-oldrel-windows-x86_64 1.0.4 13.00 135.00 148.00 OK

Check Details

Version: 1.0.4
Check: Rd metadata
Result: NOTE Rd files without \alias: ‘goodpractice-package.Rd’ Flavors: r-devel-linux-x86_64-debian-clang, r-devel-linux-x86_64-debian-gcc, r-devel-linux-x86_64-fedora-clang, r-devel-linux-x86_64-fedora-gcc, r-devel-windows-x86_64