CRAN Package Check Results for Package goldfish

Last updated on 2024-02-22 05:01:46 CET.

Flavor Version Tinstall Tcheck Ttotal Status Flags
r-devel-linux-x86_64-debian-clang 1.6.4 NOTE
r-devel-linux-x86_64-debian-gcc 1.6.4 183.26 108.83 292.09 NOTE
r-devel-linux-x86_64-fedora-clang 1.6.4 565.90 NOTE
r-devel-linux-x86_64-fedora-gcc 1.6.4 566.13 NOTE
r-devel-windows-x86_64 1.6.4 182.00 133.00 315.00 NOTE
r-patched-linux-x86_64 1.6.4 245.19 143.39 388.58 NOTE
r-release-linux-x86_64 1.6.4 238.37 143.44 381.81 NOTE
r-release-macos-arm64 1.6.4 137.00 NOTE
r-release-macos-x86_64 1.6.4 233.00 NOTE
r-release-windows-x86_64 1.6.4 232.00 168.00 400.00 NOTE
r-oldrel-macos-arm64 1.6.4 100.00 NOTE
r-oldrel-windows-x86_64 1.6.4 230.00 159.00 389.00 OK

Check Details

Version: 1.6.4
Check: C++ specification
Result: NOTE Specified C++11: please drop specification unless essential Flavors: r-devel-linux-x86_64-debian-clang, r-devel-linux-x86_64-debian-gcc, r-devel-linux-x86_64-fedora-clang, r-devel-linux-x86_64-fedora-gcc, r-devel-windows-x86_64, r-patched-linux-x86_64, r-release-linux-x86_64, r-release-macos-arm64, r-release-macos-x86_64, r-release-windows-x86_64

Version: 1.6.4
Check: installed package size
Result: NOTE installed size is 7.3Mb sub-directories of 1Mb or more: libs 5.9Mb Flavors: r-release-macos-arm64, r-release-macos-x86_64, r-oldrel-macos-arm64