CRAN Package Check Results for Package gofar

Last updated on 2024-03-02 04:48:23 CET.

Flavor Version Tinstall Tcheck Ttotal Status Flags
r-devel-linux-x86_64-debian-clang 0.1 68.70 95.61 164.31 OK
r-devel-linux-x86_64-debian-gcc 0.1 56.16 71.99 128.15 OK
r-devel-linux-x86_64-fedora-clang 0.1 207.76 NOTE
r-devel-linux-x86_64-fedora-gcc 0.1 213.33 NOTE
r-devel-windows-x86_64 0.1 51.00 104.00 155.00 OK
r-patched-linux-x86_64 0.1 63.78 92.61 156.39 OK
r-release-linux-x86_64 0.1 51.36 92.95 144.31 OK
r-release-macos-arm64 0.1 60.00 NOTE
r-release-macos-x86_64 0.1 96.00 NOTE
r-release-windows-x86_64 0.1 68.00 128.00 196.00 OK
r-oldrel-macos-arm64 0.1 58.00 NOTE
r-oldrel-windows-x86_64 0.1 61.00 123.00 184.00 OK

Check Details

Version: 0.1
Check: dependencies in R code
Result: NOTE Namespace in Imports field not imported from: ‘Rcpp’ All declared Imports should be used. Flavors: r-devel-linux-x86_64-fedora-clang, r-devel-linux-x86_64-fedora-gcc, r-oldrel-macos-arm64

Version: 0.1
Check: installed package size
Result: NOTE installed size is 5.8Mb sub-directories of 1Mb or more: libs 5.5Mb Flavors: r-release-macos-arm64, r-release-macos-x86_64, r-oldrel-macos-arm64