CRAN Package Check Results for Package gmp

Last updated on 2020-07-13 04:48:23 CEST.

Flavor Version Tinstall Tcheck Ttotal Status Flags
r-devel-linux-x86_64-debian-clang 0.6-0 27.91 40.94 68.85 OK
r-devel-linux-x86_64-debian-gcc 0.6-0 21.02 31.81 52.83 OK
r-devel-linux-x86_64-fedora-clang 0.6-0 98.51 NOTE
r-devel-linux-x86_64-fedora-gcc 0.6-0 89.02 OK
r-devel-windows-ix86+x86_64 0.6-0 85.00 101.00 186.00 OK
r-patched-linux-x86_64 0.6-0 22.16 40.91 63.07 OK
r-patched-solaris-x86 0.6-0 126.90 OK
r-release-linux-x86_64 0.6-0 22.78 40.65 63.43 OK
r-release-macos-x86_64 0.6-0 ERROR
r-release-windows-ix86+x86_64 0.6-0 74.00 81.00 155.00 OK
r-oldrel-macos-x86_64 0.6-0 OK
r-oldrel-windows-ix86+x86_64 0.6-0 99.00 102.00 201.00 OK

Check Details

Version: 0.6-0
Check: Rd cross-references
Result: NOTE
    Undeclared package ‘sfsmisc’ in Rd xrefs
Flavor: r-devel-linux-x86_64-fedora-clang

Version: 0.6-0
Check: whether package can be installed
Result: ERROR
    Installation failed.
Flavor: r-release-macos-x86_64