CRAN Package Check Results for Package gmGeostats

Last updated on 2024-02-29 04:54:16 CET.

Flavor Version Tinstall Tcheck Ttotal Status Flags
r-devel-linux-x86_64-debian-clang 0.11.3 22.21 174.02 196.23 NOTE
r-devel-linux-x86_64-debian-gcc 0.11.3 20.36 128.37 148.73 NOTE
r-devel-linux-x86_64-fedora-clang 0.11.3 244.11 NOTE
r-devel-linux-x86_64-fedora-gcc 0.11.3 263.70 NOTE
r-devel-windows-x86_64 0.11.3 24.00 163.00 187.00 OK
r-patched-linux-x86_64 0.11.3 30.61 171.68 202.29 OK
r-release-linux-x86_64 0.11.3 25.76 173.43 199.19 OK
r-release-macos-arm64 0.11.3 75.00 OK
r-release-macos-x86_64 0.11.3 154.00 OK
r-release-windows-x86_64 0.11.3 33.00 207.00 240.00 OK
r-oldrel-macos-arm64 0.11.3 70.00 OK
r-oldrel-windows-x86_64 0.11.3 31.00 181.00 212.00 OK

Check Details

Version: 0.11.3
Check: Rd files
Result: NOTE checkRd: (-1) Maf.data.frame.Rd:65: Lost braces 65 | the lag distance to take. \%For other options see code{getEmpVariogramSlice}.} | ^ checkRd: (-1) NGSAustralia.Rd:114: Lost braces; missing escapes or markup? 114 | \item{MRB}{obtained from simplifying the major crustal boundaries of {Korsch2015a, Korsch2015b}} | ^ Flavors: r-devel-linux-x86_64-debian-clang, r-devel-linux-x86_64-debian-gcc, r-devel-linux-x86_64-fedora-clang, r-devel-linux-x86_64-fedora-gcc

Version: 0.11.3
Check: data for non-ASCII characters
Result: NOTE Note: found 2629 marked UTF-8 strings Flavors: r-devel-linux-x86_64-fedora-clang, r-devel-linux-x86_64-fedora-gcc