CRAN Package Check Results for Package glmulti

Last updated on 2023-12-02 16:49:15 CET.

Flavor Version Tinstall Tcheck Ttotal Status Flags
r-devel-linux-x86_64-debian-clang 1.0.8 9.33 48.39 57.72 NOTE
r-devel-linux-x86_64-debian-gcc 1.0.8 6.46 36.46 42.92 NOTE
r-devel-linux-x86_64-fedora-clang 1.0.8 71.04 NOTE
r-devel-linux-x86_64-fedora-gcc 1.0.8 68.30 NOTE
r-devel-windows-x86_64 1.0.8 7.00 59.00 66.00 NOTE
r-patched-linux-x86_64 1.0.8 7.47 47.42 54.89 NOTE
r-release-linux-x86_64 1.0.8 6.88 46.50 53.38 NOTE
r-release-macos-arm64 1.0.8 25.00 NOTE
r-release-macos-x86_64 1.0.8 40.00 NOTE
r-release-windows-x86_64 1.0.8 11.00 63.00 74.00 NOTE
r-oldrel-macos-arm64 1.0.8 23.00 OK
r-oldrel-macos-x86_64 1.0.8 35.00 OK
r-oldrel-windows-x86_64 1.0.8 10.00 70.00 80.00 OK

Check Details

Version: 1.0.8
Check: Rd files
Result: NOTE checkRd: (-1) coef.glmulti.Rd:26: Escaped LaTeX specials: \& checkRd: (-1) coef.glmulti.Rd:27: Escaped LaTeX specials: \& checkRd: (-1) coef.glmulti.Rd:51: Escaped LaTeX specials: \& checkRd: (-1) coef.glmulti.Rd:60: Escaped LaTeX specials: \& checkRd: (-1) coef.glmulti.Rd:61: Escaped LaTeX specials: \& checkRd: (-1) consensus.Rd:29: Escaped LaTeX specials: \& checkRd: (-1) getfit.Rd:14: Lost braces 14 | \item{object}{A fitted model object, of class \code{glm}, \code{lm} or code{glm.nb}} | ^ checkRd: (-1) getfit.Rd:26: Escaped LaTeX specials: \& checkRd: (-1) glmulti-class.Rd:26: Escaped LaTeX specials: \& checkRd: (-1) glmulti-methods.Rd:14: Lost braces 14 | code{glmulti} finds what are the \code{n} best models (the confidence set of models) among all possible models (the candidate set, as specified by the user). | ^ checkRd: (-1) glmulti.Rd:99: Escaped LaTeX specials: \& checkRd: (-1) summary.glmulti.Rd:72: Escaped LaTeX specials: \& Flavors: r-devel-linux-x86_64-debian-clang, r-devel-linux-x86_64-debian-gcc

Version: 1.0.8
Check: Rd files
Result: NOTE checkRd: (-1) coef.glmulti.Rd:26: Escaped LaTeX specials: \& checkRd: (-1) coef.glmulti.Rd:27: Escaped LaTeX specials: \& checkRd: (-1) coef.glmulti.Rd:51: Escaped LaTeX specials: \& checkRd: (-1) coef.glmulti.Rd:60: Escaped LaTeX specials: \& checkRd: (-1) coef.glmulti.Rd:61: Escaped LaTeX specials: \& checkRd: (-1) consensus.Rd:29: Escaped LaTeX specials: \& checkRd: (-1) getfit.Rd:26: Escaped LaTeX specials: \& checkRd: (-1) glmulti-class.Rd:26: Escaped LaTeX specials: \& checkRd: (-1) glmulti.Rd:99: Escaped LaTeX specials: \& checkRd: (-1) summary.glmulti.Rd:72: Escaped LaTeX specials: \& Flavors: r-devel-linux-x86_64-fedora-clang, r-devel-linux-x86_64-fedora-gcc, r-devel-windows-x86_64, r-patched-linux-x86_64, r-release-linux-x86_64, r-release-macos-arm64, r-release-macos-x86_64, r-release-windows-x86_64