CRAN Package Check Results for Package glmtree

Last updated on 2024-03-01 16:49:21 CET.

Flavor Version Tinstall Tcheck Ttotal Status Flags
r-devel-linux-x86_64-debian-clang 0.2 3.66 142.44 146.10 NOTE
r-devel-linux-x86_64-debian-gcc 0.2 2.57 99.85 102.42 NOTE
r-devel-linux-x86_64-fedora-clang 0.2 176.35 NOTE
r-devel-linux-x86_64-fedora-gcc 0.2 193.08 NOTE
r-devel-windows-x86_64 0.2 4.00 125.00 129.00 NOTE
r-patched-linux-x86_64 0.2 1.97 135.99 137.96 NOTE
r-release-linux-x86_64 0.2 1.97 140.26 142.23 NOTE
r-release-macos-arm64 0.2 62.00 NOTE
r-release-macos-x86_64 0.2 98.00 NOTE
r-release-windows-x86_64 0.2 6.00 149.00 155.00 NOTE
r-oldrel-macos-arm64 0.2 48.00 NOTE
r-oldrel-windows-x86_64 0.2 4.00 153.00 157.00 NOTE

Check Details

Version: 0.2
Check: LazyData
Result: NOTE 'LazyData' is specified without a 'data' directory Flavors: r-devel-linux-x86_64-debian-clang, r-devel-linux-x86_64-debian-gcc, r-devel-linux-x86_64-fedora-clang, r-devel-linux-x86_64-fedora-gcc, r-devel-windows-x86_64, r-patched-linux-x86_64, r-release-linux-x86_64, r-release-macos-arm64, r-release-macos-x86_64, r-release-windows-x86_64, r-oldrel-macos-arm64, r-oldrel-windows-x86_64