CRAN Package Check Results for Package glmmTMB

Last updated on 2020-05-27 03:48:33 CEST.

Flavor Version Tinstall Tcheck Ttotal Status Flags
r-devel-linux-x86_64-debian-clang 1.0.1 161.43 444.23 605.66 OK
r-devel-linux-x86_64-debian-gcc 1.0.1 165.00 362.00 527.00 OK
r-devel-linux-x86_64-fedora-clang 1.0.1 831.48 NOTE
r-devel-linux-x86_64-fedora-gcc 1.0.1 855.11 OK
r-devel-windows-ix86+x86_64 1.0.1 328.00 623.00 951.00 NOTE --no-vignettes
r-patched-linux-x86_64 1.0.1 167.41 469.91 637.32 OK
r-patched-solaris-x86 1.0.1 1126.00 NOTE
r-release-linux-x86_64 1.0.1 165.26 459.41 624.67 OK
r-release-osx-x86_64 1.0.1 NOTE
r-release-windows-ix86+x86_64 1.0.1 254.00 655.00 909.00 NOTE --no-vignettes
r-oldrel-osx-x86_64 1.0.1 NOTE
r-oldrel-windows-ix86+x86_64 1.0.1 261.00 525.00 786.00 NOTE --no-vignettes

Check Details

Version: 1.0.1
Check: installed package size
Result: NOTE
     installed size is 49.2Mb
     sub-directories of 1Mb or more:
     doc 1.2Mb
     libs 45.6Mb
     test_data 1.2Mb
Flavors: r-devel-linux-x86_64-fedora-clang, r-patched-solaris-x86, r-release-osx-x86_64, r-oldrel-osx-x86_64

Version: 1.0.1
Flags: --no-vignettes
Check: installed package size
Result: NOTE
     installed size is 25.3Mb
     sub-directories of 1Mb or more:
     doc 1.2Mb
     libs 21.7Mb
     test_data 1.2Mb
Flavors: r-devel-windows-ix86+x86_64, r-release-windows-ix86+x86_64, r-oldrel-windows-ix86+x86_64