CRAN Package Check Results for Package glmmML

Last updated on 2020-10-30 03:50:14 CET.

Flavor Version Tinstall Tcheck Ttotal Status Flags
r-devel-linux-x86_64-debian-clang 1.1.1 7.24 33.87 41.11 OK
r-devel-linux-x86_64-debian-gcc 1.1.1 5.08 26.03 31.11 OK
r-devel-linux-x86_64-fedora-clang 1.1.1 59.51 NOTE
r-devel-linux-x86_64-fedora-gcc 1.1.1 48.84 OK
r-devel-windows-ix86+x86_64 1.1.1 21.00 59.00 80.00 OK
r-patched-linux-x86_64 1.1.1 6.04 32.15 38.19 OK
r-patched-solaris-x86 1.1.1 71.70 OK
r-release-linux-x86_64 1.1.1 6.70 32.46 39.16 OK
r-release-macos-x86_64 1.1.1 OK
r-release-windows-ix86+x86_64 1.1.1 16.00 78.00 94.00 OK
r-oldrel-macos-x86_64 1.1.1 OK
r-oldrel-windows-ix86+x86_64 1.1.1 22.00 68.00 90.00 OK

Check Details

Version: 1.1.1
Check: Rd cross-references
Result: NOTE
    Undeclared package ‘lme4’ in Rd xrefs
Flavor: r-devel-linux-x86_64-fedora-clang