Last updated on 2023-11-28 04:57:19 CET.
Flavor | Version | Tinstall | Tcheck | Ttotal | Status | Flags |
---|---|---|---|---|---|---|
r-devel-linux-x86_64-debian-clang | 1.4.3 | 331.62 | 336.69 | 668.31 | NOTE | |
r-devel-linux-x86_64-debian-gcc | 1.4.3 | 288.30 | 248.66 | 536.96 | NOTE | |
r-devel-linux-x86_64-fedora-clang | 1.4.3 | 825.44 | NOTE | |||
r-devel-linux-x86_64-fedora-gcc | 1.4.3 | 1016.12 | OK | |||
r-devel-windows-x86_64 | 1.4.3 | 255.00 | 306.00 | 561.00 | NOTE | |
r-patched-linux-x86_64 | 1.4.3 | 304.68 | 326.19 | 630.87 | OK | |
r-release-linux-x86_64 | 1.4.3 | 232.65 | 330.32 | 562.97 | OK | |
r-release-macos-arm64 | 1.4.3 | 241.00 | NOTE | |||
r-release-macos-x86_64 | 1.4.3 | 596.00 | NOTE | |||
r-release-windows-x86_64 | 1.4.3 | 344.00 | 383.00 | 727.00 | NOTE | |
r-oldrel-macos-arm64 | 1.4.3 | 267.00 | NOTE | |||
r-oldrel-macos-x86_64 | 1.4.3 | 320.00 | NOTE | |||
r-oldrel-windows-x86_64 | 1.4.3 | 331.00 | 356.00 | 687.00 | NOTE |
Version: 1.4.3
Check: Rd files
Result: NOTE
checkRd: (-1) gllvm.Rd:122: Lost braces in \itemize; meant \describe ?
checkRd: (-1) gllvm.Rd:123: Lost braces in \itemize; meant \describe ?
checkRd: (-1) gllvm.Rd:124: Lost braces in \itemize; meant \describe ?
checkRd: (-1) gllvm.Rd:125: Lost braces in \itemize; meant \describe ?
checkRd: (-1) gllvm.Rd:126: Lost braces in \itemize; meant \describe ?
checkRd: (-1) gllvm.Rd:127: Lost braces in \itemize; meant \describe ?
checkRd: (-1) gllvm.Rd:128: Lost braces in \itemize; meant \describe ?
checkRd: (-1) gllvm.Rd:129: Lost braces in \itemize; meant \describe ?
checkRd: (-1) gllvm.Rd:134: Lost braces in \itemize; meant \describe ?
checkRd: (-1) gllvm.Rd:135: Lost braces in \itemize; meant \describe ?
checkRd: (-1) gllvm.Rd:136: Lost braces in \itemize; meant \describe ?
checkRd: (-1) gllvm.Rd:137: Lost braces in \itemize; meant \describe ?
checkRd: (-1) gllvm.Rd:138: Lost braces in \itemize; meant \describe ?
checkRd: (-1) gllvm.Rd:139: Lost braces in \itemize; meant \describe ?
checkRd: (-1) gllvm.Rd:140: Lost braces in \itemize; meant \describe ?
checkRd: (-1) gllvm.Rd:145: Lost braces in \itemize; meant \describe ?
checkRd: (-1) gllvm.Rd:146: Lost braces in \itemize; meant \describe ?
checkRd: (-1) gllvm.Rd:147: Lost braces in \itemize; meant \describe ?
checkRd: (-1) gllvm.Rd:148: Lost braces in \itemize; meant \describe ?
checkRd: (-1) gllvm.Rd:149: Lost braces in \itemize; meant \describe ?
checkRd: (-1) gllvm.Rd:150: Lost braces in \itemize; meant \describe ?
checkRd: (-1) gllvm.Rd:151: Lost braces in \itemize; meant \describe ?
checkRd: (-1) gllvm.Rd:152: Lost braces in \itemize; meant \describe ?
checkRd: (-1) gllvm.Rd:153: Lost braces in \itemize; meant \describe ?
checkRd: (-1) gllvm.Rd:154: Lost braces in \itemize; meant \describe ?
checkRd: (-1) gllvm.Rd:155: Lost braces in \itemize; meant \describe ?
checkRd: (-1) gllvm.Rd:156: Lost braces in \itemize; meant \describe ?
checkRd: (-1) gllvm.Rd:277: Lost braces in \itemize; meant \describe ?
checkRd: (-1) gllvm.Rd:278: Lost braces in \itemize; meant \describe ?
checkRd: (-1) gllvm.Rd:279: Lost braces in \itemize; meant \describe ?
checkRd: (-1) gllvm.Rd:297: Lost braces in \itemize; meant \describe ?
checkRd: (-1) gllvm.Rd:298: Lost braces in \itemize; meant \describe ?
checkRd: (-1) gllvm.Rd:299: Lost braces in \itemize; meant \describe ?
checkRd: (-1) gllvm.Rd:300: Lost braces in \itemize; meant \describe ?
checkRd: (-1) gllvm.Rd:301: Lost braces in \itemize; meant \describe ?
checkRd: (-1) gllvm.Rd:303: Lost braces in \itemize; meant \describe ?
checkRd: (-1) gllvm.Rd:305: Lost braces in \itemize; meant \describe ?
checkRd: (-1) gllvm.Rd:307: Lost braces in \itemize; meant \describe ?
checkRd: (-1) gllvm.Rd:309: Lost braces in \itemize; meant \describe ?
checkRd: (-1) gllvm.Rd:311: Lost braces in \itemize; meant \describe ?
checkRd: (-1) gllvm.Rd:313: Lost braces in \itemize; meant \describe ?
checkRd: (-1) gllvm.Rd:189: Lost braces in \itemize; \value handles \item{}{} directly
checkRd: (-1) gllvm.Rd:190: Lost braces in \itemize; \value handles \item{}{} directly
checkRd: (-1) gllvm.Rd:191: Lost braces in \itemize; \value handles \item{}{} directly
checkRd: (-1) gllvm.Rd:192: Lost braces in \itemize; \value handles \item{}{} directly
checkRd: (-1) gllvm.Rd:193: Lost braces in \itemize; \value handles \item{}{} directly
checkRd: (-1) gllvm.Rd:194: Lost braces in \itemize; \value handles \item{}{} directly
checkRd: (-1) gllvm.Rd:195: Lost braces in \itemize; \value handles \item{}{} directly
checkRd: (-1) gllvm.Rd:196: Lost braces in \itemize; \value handles \item{}{} directly
checkRd: (-1) gllvm.Rd:197: Lost braces in \itemize; \value handles \item{}{} directly
Flavors: r-devel-linux-x86_64-debian-clang, r-devel-linux-x86_64-debian-gcc
Version: 1.4.3
Check: installed package size
Result: NOTE
installed size is 8.2Mb
sub-directories of 1Mb or more:
doc 1.4Mb
libs 5.9Mb
Flavors: r-devel-linux-x86_64-fedora-clang, r-devel-windows-x86_64, r-release-macos-arm64, r-release-macos-x86_64, r-release-windows-x86_64, r-oldrel-macos-arm64, r-oldrel-macos-x86_64, r-oldrel-windows-x86_64