CRAN Package Check Results for Package gitdown

Last updated on 2024-02-22 16:49:17 CET.

Flavor Version Tinstall Tcheck Ttotal Status Flags
r-devel-linux-x86_64-debian-clang 0.1.6 ERROR
r-devel-linux-x86_64-debian-gcc 0.1.6 5.26 52.05 57.31 ERROR
r-devel-linux-x86_64-fedora-clang 0.1.6 93.03 OK
r-devel-linux-x86_64-fedora-gcc 0.1.6 98.48 OK
r-devel-windows-x86_64 0.1.6 7.00 77.00 84.00 OK
r-patched-linux-x86_64 0.1.6 4.02 65.47 69.49 ERROR
r-release-linux-x86_64 0.1.6 4.07 63.12 67.19 OK
r-release-macos-arm64 0.1.6 39.00 OK
r-release-macos-x86_64 0.1.6 59.00 OK
r-release-windows-x86_64 0.1.6 8.00 85.00 93.00 OK
r-oldrel-macos-arm64 0.1.6 33.00 OK
r-oldrel-windows-x86_64 0.1.6 8.00 92.00 100.00 OK

Check Details

Version: 0.1.6
Check: tests
Result: ERROR Running ‘testthat.R’ [9s/14s] Running the tests in ‘tests/testthat.R’ failed. Complete output: > library(testthat) > library(gitdown) > > test_check("gitdown") 4 commits found. processing file: index.Rmd output file: index.knit.md /usr/bin/pandoc +RTS -K512m -RTS index.knit.md --to html4 --from markdown+autolink_bare_uris+tex_math_single_backslash --output index.html --lua-filter /home/hornik/tmp/R.check/r-devel-clang/Work/build/Packages/bookdown/rmarkdown/lua/custom-environment.lua --lua-filter /home/hornik/tmp/R.check/r-devel-clang/Work/build/Packages/rmarkdown/rmarkdown/lua/pagebreak.lua --lua-filter /home/hornik/tmp/R.check/r-devel-clang/Work/build/Packages/rmarkdown/rmarkdown/lua/latex-div.lua --lua-filter /home/hornik/tmp/R.check/r-devel-clang/Work/build/Packages/rmarkdown/rmarkdown/lua/anchor-sections.lua --metadata-file /tmp/RtmpjMW2VO/file337c0e7c59dbe3 --wrap preserve --standalone --section-divs --table-of-contents --toc-depth 3 --template /home/hornik/tmp/R.check/r-devel-clang/Work/build/Packages/bookdown/templates/gitbook.html --highlight-style pygments --number-sections --css style.css --mathjax --include-in-header /tmp/RtmpjMW2VO/rmarkdown-str337c0e4d63961c.html Output created: gitbook-for-git2r-337c0e229e761d.html processing file: index.Rmd output file: index.knit.md /usr/bin/pandoc +RTS -K512m -RTS index.knit.md --to html4 --from markdown+autolink_bare_uris+tex_math_single_backslash --output index.html --lua-filter /home/hornik/tmp/R.check/r-devel-clang/Work/build/Packages/bookdown/rmarkdown/lua/custom-environment.lua --lua-filter /home/hornik/tmp/R.check/r-devel-clang/Work/build/Packages/rmarkdown/rmarkdown/lua/pagebreak.lua --lua-filter /home/hornik/tmp/R.check/r-devel-clang/Work/build/Packages/rmarkdown/rmarkdown/lua/latex-div.lua --lua-filter /home/hornik/tmp/R.check/r-devel-clang/Work/build/Packages/rmarkdown/rmarkdown/lua/anchor-sections.lua --metadata-file /tmp/RtmpjMW2VO/file337c0e2c786bf3 --wrap preserve --standalone --section-divs --table-of-contents --toc-depth 3 --template /home/hornik/tmp/R.check/r-devel-clang/Work/build/Packages/bookdown/templates/gitbook.html --highlight-style pygments --number-sections --css style.css --mathjax --include-in-header /tmp/RtmpjMW2VO/rmarkdown-str337c0e2ec6847c.html Output created: gitbook-for-git2r-337c0e229e761d.html processing file: index.Rmd output file: index.knit.md /usr/bin/pandoc +RTS -K512m -RTS index.knit.md --to html4 --from markdown+autolink_bare_uris+tex_math_single_backslash --output index.html --lua-filter /home/hornik/tmp/R.check/r-devel-clang/Work/build/Packages/bookdown/rmarkdown/lua/custom-environment.lua --lua-filter /home/hornik/tmp/R.check/r-devel-clang/Work/build/Packages/rmarkdown/rmarkdown/lua/pagebreak.lua --lua-filter /home/hornik/tmp/R.check/r-devel-clang/Work/build/Packages/rmarkdown/rmarkdown/lua/latex-div.lua --lua-filter /home/hornik/tmp/R.check/r-devel-clang/Work/build/Packages/rmarkdown/rmarkdown/lua/anchor-sections.lua --metadata-file /tmp/RtmpjMW2VO/file337c0e996afd4 --wrap preserve --standalone --section-divs --table-of-contents --toc-depth 3 --template /home/hornik/tmp/R.check/r-devel-clang/Work/build/Packages/bookdown/templates/gitbook.html --highlight-style pygments --number-sections --css style.css --mathjax --include-in-header /tmp/RtmpjMW2VO/rmarkdown-str337c0e4c546d11.html Output created: gitbook-for-git2r-337c0e229e761d.html processing file: index.Rmd output file: index.knit.md /usr/bin/pandoc +RTS -K512m -RTS index.knit.md --to html4 --from markdown+autolink_bare_uris+tex_math_single_backslash --output index.html --lua-filter /home/hornik/tmp/R.check/r-devel-clang/Work/build/Packages/bookdown/rmarkdown/lua/custom-environment.lua --lua-filter /home/hornik/tmp/R.check/r-devel-clang/Work/build/Packages/rmarkdown/rmarkdown/lua/pagebreak.lua --lua-filter /home/hornik/tmp/R.check/r-devel-clang/Work/build/Packages/rmarkdown/rmarkdown/lua/latex-div.lua --lua-filter /home/hornik/tmp/R.check/r-devel-clang/Work/build/Packages/rmarkdown/rmarkdown/lua/anchor-sections.lua --metadata-file /tmp/RtmpjMW2VO/file337c0e412afbc7 --wrap preserve --standalone --section-divs --table-of-contents --toc-depth 3 --template /home/hornik/tmp/R.check/r-devel-clang/Work/build/Packages/bookdown/templates/gitbook.html --highlight-style pygments --number-sections --css style.css --mathjax --include-in-header /tmp/RtmpjMW2VO/rmarkdown-str337c0e157f5e4a.html Output created: gitbook-for-git2r-337c0e229e761d.html [ FAIL 6 | WARN 0 | SKIP 0 | PASS 71 ] ══ Failed tests ════════════════════════════════════════════════════════════════ ── Failure ('test-git_down.R:27:5'): git_down function ───────────────────────── `one_line_exists` has length 0, not length 1. ── Failure ('test-git_down.R:28:5'): git_down function ───────────────────────── `sub_commit_1` has length 0, not length 1. ── Failure ('test-git_down.R:29:5'): git_down function ───────────────────────── `sub_commit_2` has length 0, not length 1. ── Failure ('test-git_down.R:51:5'): git_down no name function ───────────────── length(one_line_exists) == 1 is not TRUE `actual`: FALSE `expected`: TRUE ── Failure ('test-git_down.R:79:5'): git_down multiple pattern works ─────────── length(one_line_ticket_exists) == 1 is not TRUE `actual`: FALSE `expected`: TRUE ── Failure ('test-git_down.R:85:5'): git_down multiple pattern works ─────────── length(one_line_exists) == 1 is not TRUE `actual`: FALSE `expected`: TRUE [ FAIL 6 | WARN 0 | SKIP 0 | PASS 71 ] Error: Test failures Execution halted Flavor: r-devel-linux-x86_64-debian-clang

Version: 0.1.6
Check: tests
Result: ERROR Running ‘testthat.R’ [8s/15s] Running the tests in ‘tests/testthat.R’ failed. Complete output: > library(testthat) > library(gitdown) > > test_check("gitdown") 4 commits found. processing file: index.Rmd output file: index.knit.md /usr/bin/pandoc +RTS -K512m -RTS index.knit.md --to html4 --from markdown+autolink_bare_uris+tex_math_single_backslash --output index.html --lua-filter /home/hornik/tmp/R.check/r-devel-gcc/Work/build/Packages/bookdown/rmarkdown/lua/custom-environment.lua --lua-filter /home/hornik/tmp/R.check/r-devel-gcc/Work/build/Packages/rmarkdown/rmarkdown/lua/pagebreak.lua --lua-filter /home/hornik/tmp/R.check/r-devel-gcc/Work/build/Packages/rmarkdown/rmarkdown/lua/latex-div.lua --lua-filter /home/hornik/tmp/R.check/r-devel-gcc/Work/build/Packages/rmarkdown/rmarkdown/lua/anchor-sections.lua --metadata-file /home/hornik/tmp/scratch/RtmpfXl0lK/file14439a4eeb7145 --wrap preserve --standalone --section-divs --table-of-contents --toc-depth 3 --template /home/hornik/tmp/R.check/r-devel-gcc/Work/build/Packages/bookdown/templates/gitbook.html --highlight-style pygments --number-sections --css style.css --mathjax --include-in-header /home/hornik/tmp/scratch/RtmpfXl0lK/rmarkdown-str14439a602bb878.html Output created: gitbook-for-git2r-14439a772e421a.html processing file: index.Rmd output file: index.knit.md /usr/bin/pandoc +RTS -K512m -RTS index.knit.md --to html4 --from markdown+autolink_bare_uris+tex_math_single_backslash --output index.html --lua-filter /home/hornik/tmp/R.check/r-devel-gcc/Work/build/Packages/bookdown/rmarkdown/lua/custom-environment.lua --lua-filter /home/hornik/tmp/R.check/r-devel-gcc/Work/build/Packages/rmarkdown/rmarkdown/lua/pagebreak.lua --lua-filter /home/hornik/tmp/R.check/r-devel-gcc/Work/build/Packages/rmarkdown/rmarkdown/lua/latex-div.lua --lua-filter /home/hornik/tmp/R.check/r-devel-gcc/Work/build/Packages/rmarkdown/rmarkdown/lua/anchor-sections.lua --metadata-file /home/hornik/tmp/scratch/RtmpfXl0lK/file14439a3bdf4f76 --wrap preserve --standalone --section-divs --table-of-contents --toc-depth 3 --template /home/hornik/tmp/R.check/r-devel-gcc/Work/build/Packages/bookdown/templates/gitbook.html --highlight-style pygments --number-sections --css style.css --mathjax --include-in-header /home/hornik/tmp/scratch/RtmpfXl0lK/rmarkdown-str14439a58b460b6.html Output created: gitbook-for-git2r-14439a772e421a.html processing file: index.Rmd output file: index.knit.md /usr/bin/pandoc +RTS -K512m -RTS index.knit.md --to html4 --from markdown+autolink_bare_uris+tex_math_single_backslash --output index.html --lua-filter /home/hornik/tmp/R.check/r-devel-gcc/Work/build/Packages/bookdown/rmarkdown/lua/custom-environment.lua --lua-filter /home/hornik/tmp/R.check/r-devel-gcc/Work/build/Packages/rmarkdown/rmarkdown/lua/pagebreak.lua --lua-filter /home/hornik/tmp/R.check/r-devel-gcc/Work/build/Packages/rmarkdown/rmarkdown/lua/latex-div.lua --lua-filter /home/hornik/tmp/R.check/r-devel-gcc/Work/build/Packages/rmarkdown/rmarkdown/lua/anchor-sections.lua --metadata-file /home/hornik/tmp/scratch/RtmpfXl0lK/file14439a5d39f267 --wrap preserve --standalone --section-divs --table-of-contents --toc-depth 3 --template /home/hornik/tmp/R.check/r-devel-gcc/Work/build/Packages/bookdown/templates/gitbook.html --highlight-style pygments --number-sections --css style.css --mathjax --include-in-header /home/hornik/tmp/scratch/RtmpfXl0lK/rmarkdown-str14439a5eb808a9.html Output created: gitbook-for-git2r-14439a772e421a.html processing file: index.Rmd output file: index.knit.md /usr/bin/pandoc +RTS -K512m -RTS index.knit.md --to html4 --from markdown+autolink_bare_uris+tex_math_single_backslash --output index.html --lua-filter /home/hornik/tmp/R.check/r-devel-gcc/Work/build/Packages/bookdown/rmarkdown/lua/custom-environment.lua --lua-filter /home/hornik/tmp/R.check/r-devel-gcc/Work/build/Packages/rmarkdown/rmarkdown/lua/pagebreak.lua --lua-filter /home/hornik/tmp/R.check/r-devel-gcc/Work/build/Packages/rmarkdown/rmarkdown/lua/latex-div.lua --lua-filter /home/hornik/tmp/R.check/r-devel-gcc/Work/build/Packages/rmarkdown/rmarkdown/lua/anchor-sections.lua --metadata-file /home/hornik/tmp/scratch/RtmpfXl0lK/file14439a6515b944 --wrap preserve --standalone --section-divs --table-of-contents --toc-depth 3 --template /home/hornik/tmp/R.check/r-devel-gcc/Work/build/Packages/bookdown/templates/gitbook.html --highlight-style pygments --number-sections --css style.css --mathjax --include-in-header /home/hornik/tmp/scratch/RtmpfXl0lK/rmarkdown-str14439a38fb1a93.html Output created: gitbook-for-git2r-14439a772e421a.html [ FAIL 6 | WARN 0 | SKIP 0 | PASS 71 ] ══ Failed tests ════════════════════════════════════════════════════════════════ ── Failure ('test-git_down.R:27:5'): git_down function ───────────────────────── `one_line_exists` has length 0, not length 1. ── Failure ('test-git_down.R:28:5'): git_down function ───────────────────────── `sub_commit_1` has length 0, not length 1. ── Failure ('test-git_down.R:29:5'): git_down function ───────────────────────── `sub_commit_2` has length 0, not length 1. ── Failure ('test-git_down.R:51:5'): git_down no name function ───────────────── length(one_line_exists) == 1 is not TRUE `actual`: FALSE `expected`: TRUE ── Failure ('test-git_down.R:79:5'): git_down multiple pattern works ─────────── length(one_line_ticket_exists) == 1 is not TRUE `actual`: FALSE `expected`: TRUE ── Failure ('test-git_down.R:85:5'): git_down multiple pattern works ─────────── length(one_line_exists) == 1 is not TRUE `actual`: FALSE `expected`: TRUE [ FAIL 6 | WARN 0 | SKIP 0 | PASS 71 ] Error: Test failures Execution halted Flavor: r-devel-linux-x86_64-debian-gcc

Version: 0.1.6
Check: tests
Result: ERROR Running ‘testthat.R’ [9s/13s] Running the tests in ‘tests/testthat.R’ failed. Complete output: > library(testthat) > library(gitdown) > > test_check("gitdown") 4 commits found. processing file: index.Rmd output file: index.knit.md /usr/bin/pandoc +RTS -K512m -RTS index.knit.md --to html4 --from markdown+autolink_bare_uris+tex_math_single_backslash --output index.html --lua-filter /home/hornik/tmp/R.check/r-patched-gcc/Work/build/Packages/bookdown/rmarkdown/lua/custom-environment.lua --lua-filter /home/hornik/tmp/R.check/r-patched-gcc/Work/build/Packages/rmarkdown/rmarkdown/lua/pagebreak.lua --lua-filter /home/hornik/tmp/R.check/r-patched-gcc/Work/build/Packages/rmarkdown/rmarkdown/lua/latex-div.lua --lua-filter /home/hornik/tmp/R.check/r-patched-gcc/Work/build/Packages/rmarkdown/rmarkdown/lua/anchor-sections.lua --metadata-file /tmp/RtmpTdyoxX/file5da8b72e133e4 --wrap preserve --standalone --section-divs --table-of-contents --toc-depth 3 --template /home/hornik/tmp/R.check/r-patched-gcc/Work/build/Packages/bookdown/templates/gitbook.html --highlight-style pygments --number-sections --css style.css --mathjax --include-in-header /tmp/RtmpTdyoxX/rmarkdown-str5da8b5dd9859e.html Output created: gitbook-for-git2r-5da8b640e6594.html processing file: index.Rmd output file: index.knit.md /usr/bin/pandoc +RTS -K512m -RTS index.knit.md --to html4 --from markdown+autolink_bare_uris+tex_math_single_backslash --output index.html --lua-filter /home/hornik/tmp/R.check/r-patched-gcc/Work/build/Packages/bookdown/rmarkdown/lua/custom-environment.lua --lua-filter /home/hornik/tmp/R.check/r-patched-gcc/Work/build/Packages/rmarkdown/rmarkdown/lua/pagebreak.lua --lua-filter /home/hornik/tmp/R.check/r-patched-gcc/Work/build/Packages/rmarkdown/rmarkdown/lua/latex-div.lua --lua-filter /home/hornik/tmp/R.check/r-patched-gcc/Work/build/Packages/rmarkdown/rmarkdown/lua/anchor-sections.lua --metadata-file /tmp/RtmpTdyoxX/file5da8b7a924c84 --wrap preserve --standalone --section-divs --table-of-contents --toc-depth 3 --template /home/hornik/tmp/R.check/r-patched-gcc/Work/build/Packages/bookdown/templates/gitbook.html --highlight-style pygments --number-sections --css style.css --mathjax --include-in-header /tmp/RtmpTdyoxX/rmarkdown-str5da8b75f6d274.html Output created: gitbook-for-git2r-5da8b640e6594.html processing file: index.Rmd output file: index.knit.md /usr/bin/pandoc +RTS -K512m -RTS index.knit.md --to html4 --from markdown+autolink_bare_uris+tex_math_single_backslash --output index.html --lua-filter /home/hornik/tmp/R.check/r-patched-gcc/Work/build/Packages/bookdown/rmarkdown/lua/custom-environment.lua --lua-filter /home/hornik/tmp/R.check/r-patched-gcc/Work/build/Packages/rmarkdown/rmarkdown/lua/pagebreak.lua --lua-filter /home/hornik/tmp/R.check/r-patched-gcc/Work/build/Packages/rmarkdown/rmarkdown/lua/latex-div.lua --lua-filter /home/hornik/tmp/R.check/r-patched-gcc/Work/build/Packages/rmarkdown/rmarkdown/lua/anchor-sections.lua --metadata-file /tmp/RtmpTdyoxX/file5da8b1a0e2877 --wrap preserve --standalone --section-divs --table-of-contents --toc-depth 3 --template /home/hornik/tmp/R.check/r-patched-gcc/Work/build/Packages/bookdown/templates/gitbook.html --highlight-style pygments --number-sections --css style.css --mathjax --include-in-header /tmp/RtmpTdyoxX/rmarkdown-str5da8b6534261f.html Output created: gitbook-for-git2r-5da8b640e6594.html processing file: index.Rmd output file: index.knit.md /usr/bin/pandoc +RTS -K512m -RTS index.knit.md --to html4 --from markdown+autolink_bare_uris+tex_math_single_backslash --output index.html --lua-filter /home/hornik/tmp/R.check/r-patched-gcc/Work/build/Packages/bookdown/rmarkdown/lua/custom-environment.lua --lua-filter /home/hornik/tmp/R.check/r-patched-gcc/Work/build/Packages/rmarkdown/rmarkdown/lua/pagebreak.lua --lua-filter /home/hornik/tmp/R.check/r-patched-gcc/Work/build/Packages/rmarkdown/rmarkdown/lua/latex-div.lua --lua-filter /home/hornik/tmp/R.check/r-patched-gcc/Work/build/Packages/rmarkdown/rmarkdown/lua/anchor-sections.lua --metadata-file /tmp/RtmpTdyoxX/file5da8b701c5ba0 --wrap preserve --standalone --section-divs --table-of-contents --toc-depth 3 --template /home/hornik/tmp/R.check/r-patched-gcc/Work/build/Packages/bookdown/templates/gitbook.html --highlight-style pygments --number-sections --css style.css --mathjax --include-in-header /tmp/RtmpTdyoxX/rmarkdown-str5da8b127549a4.html Output created: gitbook-for-git2r-5da8b640e6594.html [ FAIL 6 | WARN 0 | SKIP 0 | PASS 71 ] ══ Failed tests ════════════════════════════════════════════════════════════════ ── Failure ('test-git_down.R:27:5'): git_down function ───────────────────────── `one_line_exists` has length 0, not length 1. ── Failure ('test-git_down.R:28:5'): git_down function ───────────────────────── `sub_commit_1` has length 0, not length 1. ── Failure ('test-git_down.R:29:5'): git_down function ───────────────────────── `sub_commit_2` has length 0, not length 1. ── Failure ('test-git_down.R:51:5'): git_down no name function ───────────────── length(one_line_exists) == 1 is not TRUE `actual`: FALSE `expected`: TRUE ── Failure ('test-git_down.R:79:5'): git_down multiple pattern works ─────────── length(one_line_ticket_exists) == 1 is not TRUE `actual`: FALSE `expected`: TRUE ── Failure ('test-git_down.R:85:5'): git_down multiple pattern works ─────────── length(one_line_exists) == 1 is not TRUE `actual`: FALSE `expected`: TRUE [ FAIL 6 | WARN 0 | SKIP 0 | PASS 71 ] Error: Test failures Execution halted Flavor: r-patched-linux-x86_64