CRAN Package Check Results for Package gimmeTools

Last updated on 2024-02-23 16:53:19 CET.

Flavor Version Tinstall Tcheck Ttotal Status Flags
r-devel-linux-x86_64-debian-clang 0.1 NOTE
r-devel-linux-x86_64-debian-gcc 0.1 4.81 36.33 41.14 NOTE
r-devel-linux-x86_64-fedora-clang 0.1 65.76 NOTE
r-devel-linux-x86_64-fedora-gcc 0.1 62.78 NOTE
r-devel-windows-x86_64 0.1 6.00 55.00 61.00 NOTE
r-patched-linux-x86_64 0.1 3.56 47.17 50.73 NOTE
r-release-linux-x86_64 0.1 3.74 46.25 49.99 NOTE
r-release-macos-arm64 0.1 25.00 NOTE
r-release-macos-x86_64 0.1 35.00 NOTE
r-release-windows-x86_64 0.1 8.00 61.00 69.00 NOTE
r-oldrel-macos-arm64 0.1 22.00 NOTE
r-oldrel-windows-x86_64 0.1 9.00 68.00 77.00 NOTE

Check Details

Version: 0.1
Check: LazyData
Result: NOTE 'LazyData' is specified without a 'data' directory Flavors: r-devel-linux-x86_64-debian-clang, r-devel-linux-x86_64-debian-gcc, r-devel-linux-x86_64-fedora-clang, r-devel-linux-x86_64-fedora-gcc, r-devel-windows-x86_64, r-patched-linux-x86_64, r-release-linux-x86_64, r-release-macos-arm64, r-release-macos-x86_64, r-release-windows-x86_64, r-oldrel-macos-arm64, r-oldrel-windows-x86_64