CRAN Package Check Results for Package gifti

Last updated on 2024-02-29 15:53:46 CET.

Flavor Version Tinstall Tcheck Ttotal Status Flags
r-devel-linux-x86_64-debian-clang 0.8.0 4.05 62.31 66.36 NOTE
r-devel-linux-x86_64-debian-gcc 0.8.0 3.18 48.63 51.81 NOTE
r-devel-linux-x86_64-fedora-clang 0.8.0 79.15 NOTE
r-devel-linux-x86_64-fedora-gcc 0.8.0 89.34 NOTE
r-devel-windows-x86_64 0.8.0 5.00 172.00 177.00 NOTE
r-patched-linux-x86_64 0.8.0 4.31 61.82 66.13 NOTE
r-release-linux-x86_64 0.8.0 3.41 62.64 66.05 NOTE
r-release-macos-arm64 0.8.0 45.00 NOTE
r-release-macos-x86_64 0.8.0 60.00 NOTE
r-release-windows-x86_64 0.8.0 5.00 751.00 756.00 NOTE
r-oldrel-macos-arm64 0.8.0 39.00 NOTE
r-oldrel-windows-x86_64 0.8.0 5.00 780.00 785.00 NOTE

Check Details

Version: 0.8.0
Check: LazyData
Result: NOTE 'LazyData' is specified without a 'data' directory Flavors: r-devel-linux-x86_64-debian-clang, r-devel-linux-x86_64-debian-gcc, r-devel-linux-x86_64-fedora-clang, r-devel-linux-x86_64-fedora-gcc, r-devel-windows-x86_64, r-patched-linux-x86_64, r-release-linux-x86_64, r-release-macos-arm64, r-release-macos-x86_64, r-release-windows-x86_64, r-oldrel-macos-arm64, r-oldrel-windows-x86_64