CRAN Package Check Results for Package giacR

Last updated on 2024-02-21 16:51:27 CET.

Flavor Version Tinstall Tcheck Ttotal Status Flags
r-devel-linux-x86_64-debian-clang 1.0.0 OK
r-devel-linux-x86_64-debian-gcc 1.0.0 3.16 26.32 29.48 OK
r-devel-linux-x86_64-fedora-clang 1.0.0 51.51 NOTE
r-devel-linux-x86_64-fedora-gcc 1.0.0 47.10 OK
r-devel-windows-x86_64 1.0.0 7.00 49.00 56.00 NOTE
r-patched-linux-x86_64 1.0.0 4.06 33.82 37.88 OK
r-release-linux-x86_64 1.0.0 4.60 34.01 38.61 OK
r-release-macos-arm64 1.0.0 49.00 NOTE
r-release-macos-x86_64 1.0.0 60.00 NOTE
r-release-windows-x86_64 1.0.0 10.00 51.00 61.00 NOTE
r-oldrel-macos-arm64 1.0.0 52.00 NOTE
r-oldrel-windows-x86_64 1.0.0 10.00 55.00 65.00 NOTE

Check Details

Version: 1.0.0
Check: installed package size
Result: NOTE installed size is 18.1Mb sub-directories of 1Mb or more: Giac 17.9Mb Flavors: r-devel-linux-x86_64-fedora-clang, r-devel-windows-x86_64, r-release-macos-arm64, r-release-macos-x86_64, r-release-windows-x86_64, r-oldrel-macos-arm64, r-oldrel-windows-x86_64