CRAN Package Check Results for Package ggvis

Last updated on 2020-08-04 03:47:50 CEST.

Flavor Version Tinstall Tcheck Ttotal Status Flags
r-devel-linux-x86_64-debian-clang 0.4.5 11.29 90.15 101.44 OK
r-devel-linux-x86_64-debian-gcc 0.4.5 8.45 67.06 75.51 OK
r-devel-linux-x86_64-fedora-clang 0.4.5 123.38 NOTE
r-devel-linux-x86_64-fedora-gcc 0.4.5 119.10 OK
r-devel-windows-ix86+x86_64 0.4.5 30.00 102.00 132.00 OK
r-patched-linux-x86_64 0.4.5 9.88 87.83 97.71 OK
r-patched-solaris-x86 0.4.5 152.60 OK
r-release-linux-x86_64 0.4.5 9.38 87.24 96.62 OK
r-release-macos-x86_64 0.4.5 OK
r-release-windows-ix86+x86_64 0.4.5 31.00 103.00 134.00 OK
r-oldrel-macos-x86_64 0.4.5 OK
r-oldrel-windows-ix86+x86_64 0.4.5 19.00 95.00 114.00 OK

Check Details

Version: 0.4.5
Check: Rd cross-references
Result: NOTE
    Undeclared package ‘plyr’ in Rd xrefs
Flavor: r-devel-linux-x86_64-fedora-clang