CRAN Package Check Results for Package ggrisk

Last updated on 2020-10-30 03:50:14 CET.

Flavor Version Tinstall Tcheck Ttotal Status Flags
r-devel-linux-x86_64-debian-clang 1.2 13.81 109.08 122.89 OK
r-devel-linux-x86_64-debian-gcc 1.2 10.41 80.03 90.44 OK
r-devel-linux-x86_64-fedora-clang 1.2 152.96 NOTE
r-devel-linux-x86_64-fedora-gcc 1.2 138.10 NOTE
r-devel-windows-ix86+x86_64 1.2 34.00 96.00 130.00 OK
r-patched-linux-x86_64 1.2 9.98 96.49 106.47 OK
r-patched-solaris-x86 1.2 203.10 NOTE
r-release-linux-x86_64 1.2 12.66 96.18 108.84 OK
r-release-macos-x86_64 1.2 NOTE
r-release-windows-ix86+x86_64 1.2 22.00 127.00 149.00 OK
r-oldrel-macos-x86_64 1.2 NOTE
r-oldrel-windows-ix86+x86_64 1.2 25.00 117.00 142.00 OK

Check Details

Version: 1.2
Check: dependencies in R code
Result: NOTE
    Namespaces in Imports field not imported from:
     ‘nomogramFormula’ ‘survival’
     All declared Imports should be used.
Flavors: r-devel-linux-x86_64-fedora-clang, r-devel-linux-x86_64-fedora-gcc, r-patched-solaris-x86, r-release-macos-x86_64, r-oldrel-macos-x86_64