Last updated on 2023-11-29 16:51:46 CET.
Flavor | Version | Tinstall | Tcheck | Ttotal | Status | Flags |
---|---|---|---|---|---|---|
r-devel-linux-x86_64-debian-clang | 0.5.4 | 8.43 | 119.26 | 127.69 | OK | |
r-devel-linux-x86_64-debian-gcc | 0.5.4 | 7.09 | 88.46 | 95.55 | OK | |
r-devel-linux-x86_64-fedora-clang | 0.5.4 | 153.89 | NOTE | |||
r-devel-linux-x86_64-fedora-gcc | 0.5.4 | 159.76 | NOTE | |||
r-devel-windows-x86_64 | 0.5.4 | 9.00 | 107.00 | 116.00 | OK | |
r-patched-linux-x86_64 | 0.5.4 | 13.70 | 113.50 | 127.20 | OK | |
r-release-linux-x86_64 | 0.5.4 | 7.41 | 111.83 | 119.24 | OK | |
r-release-macos-arm64 | 0.5.4 | 57.00 | OK | |||
r-release-macos-x86_64 | 0.5.4 | 93.00 | OK | |||
r-release-windows-x86_64 | 0.5.4 | 12.00 | 128.00 | 140.00 | OK | |
r-oldrel-macos-arm64 | 0.5.4 | 63.00 | NOTE | |||
r-oldrel-macos-x86_64 | 0.5.4 | 74.00 | NOTE | |||
r-oldrel-windows-x86_64 | 0.5.4 | 11.00 | 135.00 | 146.00 | OK |
Version: 0.5.4
Check: data for non-ASCII characters
Result: NOTE
Note: found 6242 marked UTF-8 strings
Flavors: r-devel-linux-x86_64-fedora-clang, r-devel-linux-x86_64-fedora-gcc, r-oldrel-macos-arm64, r-oldrel-macos-x86_64