Last updated on 2023-12-02 04:52:15 CET.
Flavor | Version | Tinstall | Tcheck | Ttotal | Status | Flags |
---|---|---|---|---|---|---|
r-devel-linux-x86_64-debian-clang | 0.3.0 | 7.20 | 66.59 | 73.79 | OK | |
r-devel-linux-x86_64-debian-gcc | 0.3.0 | 5.74 | 50.77 | 56.51 | OK | |
r-devel-linux-x86_64-fedora-clang | 0.3.0 | 93.87 | NOTE | |||
r-devel-linux-x86_64-fedora-gcc | 0.3.0 | 99.72 | NOTE | |||
r-devel-windows-x86_64 | 0.3.0 | 9.00 | 76.00 | 85.00 | OK | |
r-patched-linux-x86_64 | 0.3.0 | 15.91 | 63.29 | 79.20 | OK | |
r-release-linux-x86_64 | 0.3.0 | 6.13 | 63.76 | 69.89 | OK | |
r-release-macos-arm64 | 0.3.0 | 42.00 | OK | |||
r-release-macos-x86_64 | 0.3.0 | 60.00 | OK | |||
r-release-windows-x86_64 | 0.3.0 | 12.00 | 86.00 | 98.00 | OK | |
r-oldrel-macos-arm64 | 0.3.0 | 41.00 | OK | |||
r-oldrel-macos-x86_64 | 0.3.0 | 51.00 | OK | |||
r-oldrel-windows-x86_64 | 0.3.0 | 11.00 | 89.00 | 100.00 | OK |
Version: 0.3.0
Check: package dependencies
Result: NOTE
Imports includes 28 non-default packages.
Importing from so many packages makes the package vulnerable to any of
them becoming unavailable. Move as many as possible to Suggests and
use conditionally.
Flavor: r-devel-linux-x86_64-fedora-clang
Version: 0.3.0
Check: dependencies in R code
Result: NOTE
Namespaces in Imports field not imported from:
‘DT’ ‘Formula’ ‘GGally’ ‘Hmisc’ ‘RPostgres’ ‘colourpicker’ ‘dplyr’
‘ggpmisc’ ‘ggpubr’ ‘ggrepel’ ‘gridExtra’ ‘markdown’ ‘plotly’
‘quantreg’ ‘rlang’ ‘shinyFiles’ ‘shinyjqui’ ‘shinyjs’ ‘survival’
‘survminer’ ‘table1’ ‘tidyr’ ‘zoo’
All declared Imports should be used.
Flavors: r-devel-linux-x86_64-fedora-clang, r-devel-linux-x86_64-fedora-gcc