CRAN Package Check Results for Package ggquickeda

Last updated on 2020-08-08 03:50:40 CEST.

Flavor Version Tinstall Tcheck Ttotal Status Flags
r-devel-linux-x86_64-debian-clang 0.1.7 5.36 44.28 49.64 OK
r-devel-linux-x86_64-debian-gcc 0.1.7 4.27 33.15 37.42 OK
r-devel-linux-x86_64-fedora-clang 0.1.7 66.31 NOTE
r-devel-linux-x86_64-fedora-gcc 0.1.7 56.08 NOTE
r-devel-windows-ix86+x86_64 0.1.7 28.00 93.00 121.00 OK
r-patched-linux-x86_64 0.1.7 4.02 42.07 46.09 OK
r-patched-solaris-x86 0.1.7 85.50 NOTE
r-release-linux-x86_64 0.1.7 3.69 42.19 45.88 OK
r-release-macos-x86_64 0.1.7 NOTE
r-release-windows-ix86+x86_64 0.1.7 15.00 60.00 75.00 OK
r-oldrel-macos-x86_64 0.1.7 NOTE
r-oldrel-windows-ix86+x86_64 0.1.7 10.00 59.00 69.00 OK

Check Details

Version: 0.1.7
Check: package dependencies
Result: NOTE
    Imports includes 26 non-default packages.
    Importing from so many packages makes the package vulnerable to any of
    them becoming unavailable. Move as many as possible to Suggests and
    use conditionally.
Flavor: r-devel-linux-x86_64-fedora-clang

Version: 0.1.7
Check: dependencies in R code
Result: NOTE
    Namespaces in Imports field not imported from:
     ‘DT’ ‘Formula’ ‘GGally’ ‘Hmisc’ ‘colourpicker’ ‘dplyr’ ‘ggpmisc’
     ‘ggpubr’ ‘ggrepel’ ‘ggstance’ ‘grDevices’ ‘grid’ ‘gridExtra’
     ‘lazyeval’ ‘markdown’ ‘plotly’ ‘quantreg’ ‘rlang’ ‘shinyjqui’
     ‘shinyjs’ ‘survival’ ‘survminer’ ‘table1’ ‘tidyr’
     All declared Imports should be used.
Flavors: r-devel-linux-x86_64-fedora-clang, r-devel-linux-x86_64-fedora-gcc, r-patched-solaris-x86, r-release-macos-x86_64, r-oldrel-macos-x86_64