CRAN Package Check Results for Package ggplotAssist

Last updated on 2024-02-29 04:54:15 CET.

Flavor Version Tinstall Tcheck Ttotal Status Flags
r-devel-linux-x86_64-debian-clang 0.1.3 11.62 74.89 86.51 NOTE
r-devel-linux-x86_64-debian-gcc 0.1.3 7.71 56.74 64.45 NOTE
r-devel-linux-x86_64-fedora-clang 0.1.3 107.94 NOTE
r-devel-linux-x86_64-fedora-gcc 0.1.3 118.42 NOTE
r-devel-windows-x86_64 0.1.3 11.00 75.00 86.00 NOTE
r-patched-linux-x86_64 0.1.3 6.95 72.41 79.36 NOTE
r-release-linux-x86_64 0.1.3 6.34 71.91 78.25 NOTE
r-release-macos-arm64 0.1.3 42.00 NOTE
r-release-macos-x86_64 0.1.3 75.00 NOTE
r-release-windows-x86_64 0.1.3 13.00 85.00 98.00 NOTE
r-oldrel-macos-arm64 0.1.3 36.00 NOTE
r-oldrel-windows-x86_64 0.1.3 14.00 93.00 107.00 NOTE

Check Details

Version: 0.1.3
Check: LazyData
Result: NOTE 'LazyData' is specified without a 'data' directory Flavors: r-devel-linux-x86_64-debian-clang, r-devel-linux-x86_64-debian-gcc, r-devel-linux-x86_64-fedora-clang, r-devel-linux-x86_64-fedora-gcc, r-devel-windows-x86_64, r-patched-linux-x86_64, r-release-linux-x86_64, r-release-macos-arm64, r-release-macos-x86_64, r-release-windows-x86_64, r-oldrel-macos-arm64, r-oldrel-windows-x86_64

Version: 0.1.3
Check: dependencies in R code
Result: NOTE Namespaces in Imports field not imported from: ‘gcookbook’ ‘ggthemes’ ‘moonBook’ ‘tidyverse’ All declared Imports should be used. Flavors: r-devel-linux-x86_64-fedora-clang, r-devel-linux-x86_64-fedora-gcc, r-oldrel-macos-arm64