CRAN Package Check Results for Package ggnormalviolin

Last updated on 2020-08-11 03:47:49 CEST.

Flavor Version Tinstall Tcheck Ttotal Status Flags
r-devel-linux-x86_64-debian-clang 0.1.2 4.16 27.76 31.92 OK
r-devel-linux-x86_64-debian-gcc 0.1.2 2.95 21.02 23.97 OK
r-devel-linux-x86_64-fedora-clang 0.1.2 45.88 NOTE
r-devel-linux-x86_64-fedora-gcc 0.1.2 35.44 NOTE
r-devel-windows-ix86+x86_64 0.1.2 11.00 62.00 73.00 OK
r-patched-linux-x86_64 0.1.2 4.06 26.49 30.55 OK
r-patched-solaris-x86 0.1.2 55.60 NOTE
r-release-linux-x86_64 0.1.2 3.86 26.59 30.45 OK
r-release-macos-x86_64 0.1.2 NOTE
r-release-windows-ix86+x86_64 0.1.2 13.00 59.00 72.00 OK
r-oldrel-macos-x86_64 0.1.2 NOTE
r-oldrel-windows-ix86+x86_64 0.1.2 10.00 39.00 49.00 OK

Check Details

Version: 0.1.2
Check: dependencies in R code
Result: NOTE
    Namespaces in Imports field not imported from:
     ‘dplyr’ ‘grid’ ‘scales’
     All declared Imports should be used.
Flavors: r-devel-linux-x86_64-fedora-clang, r-devel-linux-x86_64-fedora-gcc, r-patched-solaris-x86, r-release-macos-x86_64, r-oldrel-macos-x86_64