CRAN Package Check Results for Package ggformula

Last updated on 2024-03-01 04:51:43 CET.

Flavor Version Tinstall Tcheck Ttotal Status Flags
r-devel-linux-x86_64-debian-clang 0.12.0 20.97 260.08 281.05 OK
r-devel-linux-x86_64-debian-gcc 0.12.0 18.00 194.51 212.51 OK
r-devel-linux-x86_64-fedora-clang 0.12.0 334.62 NOTE
r-devel-linux-x86_64-fedora-gcc 0.12.0 365.51 OK
r-devel-windows-x86_64 0.12.0 18.00 215.00 233.00 OK
r-patched-linux-x86_64 0.12.0 29.56 253.14 282.70 OK
r-release-linux-x86_64 0.12.0 14.62 251.04 265.66 OK
r-release-macos-arm64 0.12.0 94.00 OK
r-release-macos-x86_64 0.12.0 219.00 OK
r-release-windows-x86_64 0.12.0 23.00 268.00 291.00 OK
r-oldrel-macos-arm64 0.12.0 95.00 OK
r-oldrel-windows-x86_64 0.12.0 24.00 256.00 280.00 OK

Check Details

Version: 0.12.0
Check: Rd cross-references
Result: NOTE Undeclared packages ‘akima’, ‘ggforce’ in Rd xrefs Flavor: r-devel-linux-x86_64-fedora-clang