CRAN Package Check Results for Package ggformula

Last updated on 2020-08-08 03:50:40 CEST.

Flavor Version Tinstall Tcheck Ttotal Status Flags
r-devel-linux-x86_64-debian-clang 0.9.4 23.88 324.64 348.52 OK
r-devel-linux-x86_64-debian-gcc 0.9.4 17.15 230.04 247.19 OK
r-devel-linux-x86_64-fedora-clang 0.9.4 385.46 NOTE
r-devel-linux-x86_64-fedora-gcc 0.9.4 386.98 OK
r-devel-windows-ix86+x86_64 0.9.4 45.00 478.00 523.00 OK
r-patched-linux-x86_64 0.9.4 20.80 301.14 321.94 OK
r-patched-solaris-x86 0.9.4 517.90 NOTE
r-release-linux-x86_64 0.9.4 19.19 305.19 324.38 OK
r-release-macos-x86_64 0.9.4 OK
r-release-windows-ix86+x86_64 0.9.4 44.00 324.00 368.00 OK
r-oldrel-macos-x86_64 0.9.4 OK
r-oldrel-windows-ix86+x86_64 0.9.4 27.00 373.00 400.00 OK

Check Details

Version: 0.9.4
Check: Rd cross-references
Result: NOTE
    Undeclared package ‘quantreg’ in Rd xrefs
Flavor: r-devel-linux-x86_64-fedora-clang

Version: 0.9.4
Check: installed package size
Result: NOTE
     installed size is 5.3Mb
     sub-directories of 1Mb or more:
     doc 3.0Mb
     tutorials 1.0Mb
Flavor: r-patched-solaris-x86