CRAN Package Check Results for Package ggeffects

Last updated on 2020-05-27 03:48:32 CEST.

Flavor Version Tinstall Tcheck Ttotal Status Flags
r-devel-linux-x86_64-debian-clang 0.14.3 10.42 358.72 369.14 OK
r-devel-linux-x86_64-debian-gcc 0.14.3 6.20 264.64 270.84 OK
r-devel-linux-x86_64-fedora-clang 0.14.3 450.76 OK
r-devel-linux-x86_64-fedora-gcc 0.14.3 455.70 OK
r-devel-windows-ix86+x86_64 0.14.3 16.00 389.00 405.00 OK
r-patched-linux-x86_64 0.14.3 7.79 354.48 362.27 NOTE
r-patched-solaris-x86 0.14.3 572.60 OK
r-release-linux-x86_64 0.14.3 9.68 351.03 360.71 OK
r-release-osx-x86_64 0.14.3 OK
r-release-windows-ix86+x86_64 0.14.3 17.00 465.00 482.00 OK
r-oldrel-osx-x86_64 0.14.3 OK
r-oldrel-windows-ix86+x86_64 0.14.3 17.00 368.00 385.00 OK

Check Details

Version: 0.14.3
Check: package dependencies
Result: NOTE
    Package suggested but not available for checking: ‘rstanarm’
Flavor: r-patched-linux-x86_64