Last updated on 2023-11-30 16:49:23 CET.
Flavor | Version | Tinstall | Tcheck | Ttotal | Status | Flags |
---|---|---|---|---|---|---|
r-devel-linux-x86_64-debian-clang | 0.8.1 | 189.99 | 174.18 | 364.17 | OK | |
r-devel-linux-x86_64-debian-gcc | 0.8.1 | 121.14 | 129.33 | 250.47 | OK | |
r-devel-linux-x86_64-fedora-clang | 0.8.1 | 558.93 | NOTE | |||
r-devel-linux-x86_64-fedora-gcc | 0.8.1 | 550.73 | OK | |||
r-devel-windows-x86_64 | 0.8.1 | 138.00 | 172.00 | 310.00 | NOTE | |
r-patched-linux-x86_64 | 0.8.1 | 117.11 | 165.58 | 282.69 | OK | |
r-release-linux-x86_64 | 0.8.1 | 111.87 | 167.09 | 278.96 | OK | |
r-release-macos-arm64 | 0.8.1 | 120.00 | NOTE | |||
r-release-macos-x86_64 | 0.8.1 | 220.00 | NOTE | |||
r-release-windows-x86_64 | 0.8.1 | 185.00 | 206.00 | 391.00 | NOTE | |
r-oldrel-macos-arm64 | 0.8.1 | 88.00 | NOTE | |||
r-oldrel-macos-x86_64 | 0.8.1 | 150.00 | NOTE | |||
r-oldrel-windows-x86_64 | 0.8.1 | 178.00 | 196.00 | 374.00 | NOTE |
Version: 0.8.1
Check: installed package size
Result: NOTE
installed size is 5.5Mb
sub-directories of 1Mb or more:
doc 3.0Mb
extdata 1.6Mb
Flavors: r-devel-linux-x86_64-fedora-clang, r-devel-windows-x86_64, r-release-macos-arm64, r-release-macos-x86_64, r-release-windows-x86_64, r-oldrel-macos-arm64, r-oldrel-macos-x86_64, r-oldrel-windows-x86_64