CRAN Package Check Results for Package ggarchery

Last updated on 2024-02-22 05:01:46 CET.

Flavor Version Tinstall Tcheck Ttotal Status Flags
r-devel-linux-x86_64-debian-clang 0.4.2 NOTE
r-devel-linux-x86_64-debian-gcc 0.4.2 5.43 37.83 43.26 NOTE
r-devel-linux-x86_64-fedora-clang 0.4.2 69.70 NOTE
r-devel-linux-x86_64-fedora-gcc 0.4.2 65.34 NOTE
r-devel-windows-x86_64 0.4.2 6.00 57.00 63.00 NOTE
r-patched-linux-x86_64 0.4.2 10.60 47.94 58.54 OK
r-release-linux-x86_64 0.4.2 3.99 47.19 51.18 OK
r-release-macos-arm64 0.4.2 25.00 OK
r-release-macos-x86_64 0.4.2 32.00 OK
r-release-windows-x86_64 0.4.2 8.00 63.00 71.00 OK
r-oldrel-macos-arm64 0.4.2 25.00 OK
r-oldrel-windows-x86_64 0.4.2 9.00 68.00 77.00 OK

Check Details

Version: 0.4.2
Check: Rd \usage sections
Result: NOTE Documented arguments not in \usage in Rd file 'attract_by_distance.Rd': ‘prop_start’ ‘prop_end’ Functions with \usage entries need to have the appropriate \alias entries, and all their arguments documented. The \usage entries must correspond to syntactically valid R code. See chapter ‘Writing R documentation files’ in the ‘Writing R Extensions’ manual. Flavors: r-devel-linux-x86_64-debian-clang, r-devel-linux-x86_64-debian-gcc, r-devel-linux-x86_64-fedora-clang, r-devel-linux-x86_64-fedora-gcc, r-devel-windows-x86_64