CRAN Package Check Results for Package ggalt

Last updated on 2024-02-24 04:58:43 CET.

Flavor Version Tinstall Tcheck Ttotal Status Flags
r-devel-linux-x86_64-debian-clang 0.4.0 8.11 116.97 125.08 NOTE
r-devel-linux-x86_64-debian-gcc 0.4.0 6.19 88.03 94.22 NOTE
r-devel-linux-x86_64-fedora-clang 0.4.0 155.50 NOTE
r-devel-linux-x86_64-fedora-gcc 0.4.0 169.47 NOTE
r-devel-windows-x86_64 0.4.0 9.00 107.00 116.00 NOTE
r-patched-linux-x86_64 0.4.0 15.73 112.42 128.15 NOTE
r-release-linux-x86_64 0.4.0 9.15 112.01 121.16 NOTE
r-release-macos-arm64 0.4.0 61.00 NOTE
r-release-macos-x86_64 0.4.0 89.00 NOTE
r-release-windows-x86_64 0.4.0 12.00 128.00 140.00 NOTE
r-oldrel-macos-arm64 0.4.0 55.00 NOTE
r-oldrel-windows-x86_64 0.4.0 12.00 126.00 138.00 NOTE

Check Details

Version: 0.4.0
Check: LazyData
Result: NOTE 'LazyData' is specified without a 'data' directory Flavors: r-devel-linux-x86_64-debian-clang, r-devel-linux-x86_64-debian-gcc, r-devel-linux-x86_64-fedora-clang, r-devel-linux-x86_64-fedora-gcc, r-devel-windows-x86_64, r-patched-linux-x86_64, r-release-linux-x86_64, r-release-macos-arm64, r-release-macos-x86_64, r-release-windows-x86_64, r-oldrel-macos-arm64, r-oldrel-windows-x86_64

Version: 0.4.0
Check: dependencies in R code
Result: NOTE Namespace in Imports field not imported from: ‘plotly’ All declared Imports should be used. Flavors: r-devel-linux-x86_64-fedora-clang, r-devel-linux-x86_64-fedora-gcc, r-oldrel-macos-arm64